CRAN Package Check Results for Package matrixProfile

Last updated on 2024-02-21 00:54:33 CET.

Flavor Version Tinstall Tcheck Ttotal Status Flags
r-devel-linux-x86_64-debian-clang 0.5.0 NOTE
r-devel-linux-x86_64-debian-gcc 0.5.0 2.36 22.24 24.60 NOTE
r-devel-linux-x86_64-fedora-clang 0.5.0 39.25 NOTE
r-devel-linux-x86_64-fedora-gcc 0.5.0 36.60 NOTE
r-devel-windows-x86_64 0.5.0 3.00 44.00 47.00 NOTE
r-patched-linux-x86_64 0.5.0 3.13 28.32 31.45 NOTE
r-release-linux-x86_64 0.5.0 3.07 28.41 31.48 NOTE
r-release-macos-arm64 0.5.0 18.00 NOTE
r-release-macos-x86_64 0.5.0 24.00 NOTE
r-release-windows-x86_64 0.5.0 4.00 47.00 51.00 NOTE
r-oldrel-macos-arm64 0.5.0 19.00 NOTE
r-oldrel-windows-x86_64 0.5.0 5.00 50.00 55.00 NOTE

Check Details

Version: 0.5.0
Check: LazyData
Result: NOTE 'LazyData' is specified without a 'data' directory Flavors: r-devel-linux-x86_64-debian-clang, r-devel-linux-x86_64-debian-gcc, r-devel-linux-x86_64-fedora-clang, r-devel-linux-x86_64-fedora-gcc, r-devel-windows-x86_64, r-patched-linux-x86_64, r-release-linux-x86_64, r-release-macos-arm64, r-release-macos-x86_64, r-release-windows-x86_64, r-oldrel-macos-arm64, r-oldrel-windows-x86_64