CRAN Package Check Results for Package matrixcut

Last updated on 2024-07-14 08:48:26 CEST.

Flavor Version Tinstall Tcheck Ttotal Status Flags
r-devel-linux-x86_64-debian-clang 0.0.1 2.22 22.59 24.81 OK
r-devel-linux-x86_64-debian-gcc 0.0.1 1.14 17.86 19.00 OK
r-devel-linux-x86_64-fedora-clang 0.0.1 32.24 NOTE
r-devel-linux-x86_64-fedora-gcc 0.0.1 32.46 NOTE
r-devel-windows-x86_64 0.0.1 3.00 41.00 44.00 OK
r-patched-linux-x86_64 0.0.1 2.21 22.24 24.45 OK
r-release-linux-x86_64 0.0.1 2.27 22.28 24.55 OK
r-release-macos-arm64 0.0.1 16.00 OK
r-release-macos-x86_64 0.0.1 20.00 OK
r-release-windows-x86_64 0.0.1 3.00 41.00 44.00 OK
r-oldrel-macos-arm64 0.0.1 16.00 OK
r-oldrel-macos-x86_64 0.0.1 19.00 OK
r-oldrel-windows-x86_64 0.0.1 3.00 41.00 44.00 OK

Check Details

Version: 0.0.1
Check: dependencies in R code
Result: NOTE Namespace in Imports field not imported from: ‘stats’ All declared Imports should be used. Flavors: r-devel-linux-x86_64-fedora-clang, r-devel-linux-x86_64-fedora-gcc