Last updated on 2024-05-02 16:48:25 CEST.
Flavor | Version | Tinstall | Tcheck | Ttotal | Status | Flags |
---|---|---|---|---|---|---|
r-devel-linux-x86_64-debian-clang | 0.1.9 | 154.16 | 39.65 | 193.81 | NOTE | |
r-devel-linux-x86_64-debian-gcc | 0.1.9 | 122.05 | 29.53 | 151.58 | NOTE | |
r-devel-linux-x86_64-fedora-clang | 0.1.9 | 272.74 | NOTE | |||
r-devel-linux-x86_64-fedora-gcc | 0.1.9 | 156.16 | NOTE | |||
r-devel-windows-x86_64 | 0.1.9 | 122.00 | 77.00 | 199.00 | NOTE | |
r-patched-linux-x86_64 | 0.1.9 | 166.07 | 37.50 | 203.57 | NOTE | |
r-release-linux-x86_64 | 0.1.9 | 154.60 | 37.20 | 191.80 | NOTE | |
r-release-macos-arm64 | 0.1.9 | 54.00 | NOTE | |||
r-release-windows-x86_64 | 0.1.9 | 120.00 | 73.00 | 193.00 | NOTE | |
r-oldrel-macos-arm64 | 0.1.9 | 75.00 | NOTE | |||
r-oldrel-macos-x86_64 | 0.1.9 | 111.00 | NOTE | |||
r-oldrel-windows-x86_64 | 0.1.9 | 110.00 | 84.00 | 194.00 | NOTE |
Version: 0.1.9
Check: C++ specification
Result: NOTE
Specified C++11: please drop specification unless essential
Flavors: r-devel-linux-x86_64-debian-clang, r-devel-linux-x86_64-debian-gcc, r-devel-linux-x86_64-fedora-clang, r-devel-linux-x86_64-fedora-gcc, r-devel-windows-x86_64, r-patched-linux-x86_64, r-release-linux-x86_64, r-release-macos-arm64, r-release-windows-x86_64, r-oldrel-macos-arm64, r-oldrel-macos-x86_64, r-oldrel-windows-x86_64
Version: 0.1.9
Check: for GNU extensions in Makefiles
Result: NOTE
GNU make is a SystemRequirements.
Flavors: r-devel-linux-x86_64-debian-clang, r-devel-linux-x86_64-debian-gcc, r-devel-linux-x86_64-fedora-clang, r-devel-linux-x86_64-fedora-gcc, r-devel-windows-x86_64, r-patched-linux-x86_64, r-release-linux-x86_64, r-release-macos-arm64, r-release-windows-x86_64, r-oldrel-macos-arm64, r-oldrel-macos-x86_64, r-oldrel-windows-x86_64
Version: 0.1.9
Check: installed package size
Result: NOTE
installed size is 8.3Mb
sub-directories of 1Mb or more:
libs 8.1Mb
Flavors: r-release-macos-arm64, r-oldrel-macos-arm64, r-oldrel-macos-x86_64