CRAN Package Check Results for Package mbend

Last updated on 2024-02-24 16:48:25 CET.

Flavor Version Tinstall Tcheck Ttotal Status Flags
r-devel-linux-x86_64-debian-clang 1.3.1 2.06 26.87 28.93 NOTE
r-devel-linux-x86_64-debian-gcc 1.3.1 1.67 20.71 22.38 NOTE
r-devel-linux-x86_64-fedora-clang 1.3.1 36.64 NOTE
r-devel-linux-x86_64-fedora-gcc 1.3.1 46.99 NOTE
r-devel-windows-x86_64 1.3.1 3.00 41.00 44.00 NOTE
r-patched-linux-x86_64 1.3.1 1.72 25.68 27.40 NOTE
r-release-linux-x86_64 1.3.1 2.02 25.89 27.91 NOTE
r-release-macos-arm64 1.3.1 23.00 NOTE
r-release-macos-x86_64 1.3.1 31.00 NOTE
r-release-windows-x86_64 1.3.1 3.00 43.00 46.00 NOTE
r-oldrel-macos-arm64 1.3.1 17.00 NOTE
r-oldrel-windows-x86_64 1.3.1 5.00 46.00 51.00 NOTE

Check Details

Version: 1.3.1
Check: LazyData
Result: NOTE 'LazyData' is specified without a 'data' directory Flavors: r-devel-linux-x86_64-debian-clang, r-devel-linux-x86_64-debian-gcc, r-devel-linux-x86_64-fedora-clang, r-devel-linux-x86_64-fedora-gcc, r-devel-windows-x86_64, r-patched-linux-x86_64, r-release-linux-x86_64, r-release-macos-arm64, r-release-macos-x86_64, r-release-windows-x86_64, r-oldrel-macos-arm64, r-oldrel-windows-x86_64