CRAN Package Check Results for Package mcStats

Last updated on 2024-06-25 08:48:20 CEST.

Flavor Version Tinstall Tcheck Ttotal Status Flags
r-devel-linux-x86_64-debian-clang 0.1.2 6.08 67.97 74.05 NOTE
r-devel-linux-x86_64-debian-gcc 0.1.2 4.31 51.16 55.47 NOTE
r-devel-linux-x86_64-fedora-clang 0.1.2 94.23 NOTE
r-devel-linux-x86_64-fedora-gcc 0.1.2 86.16 NOTE
r-devel-windows-x86_64 0.1.2 7.00 75.00 82.00 NOTE
r-patched-linux-x86_64 0.1.2 5.91 67.44 73.35 NOTE
r-release-linux-x86_64 0.1.2 4.02 66.38 70.40 NOTE
r-release-macos-arm64 0.1.2 31.00 NOTE
r-release-macos-x86_64 0.1.2 45.00 NOTE
r-release-windows-x86_64 0.1.2 6.00 77.00 83.00 NOTE
r-oldrel-macos-arm64 0.1.2 33.00 NOTE
r-oldrel-macos-x86_64 0.1.2 48.00 NOTE
r-oldrel-windows-x86_64 0.1.2 8.00 86.00 94.00 NOTE

Check Details

Version: 0.1.2
Check: LazyData
Result: NOTE 'LazyData' is specified without a 'data' directory Flavors: r-devel-linux-x86_64-debian-clang, r-devel-linux-x86_64-debian-gcc, r-devel-linux-x86_64-fedora-clang, r-devel-linux-x86_64-fedora-gcc, r-devel-windows-x86_64, r-patched-linux-x86_64, r-release-linux-x86_64, r-release-macos-arm64, r-release-macos-x86_64, r-release-windows-x86_64, r-oldrel-macos-arm64, r-oldrel-macos-x86_64, r-oldrel-windows-x86_64