Last updated on 2023-12-04 00:52:47 CET.
Flavor | Version | Tinstall | Tcheck | Ttotal | Status | Flags |
---|---|---|---|---|---|---|
r-devel-linux-x86_64-debian-clang | 0.4.2 | 16.54 | 143.19 | 159.73 | NOTE | |
r-devel-linux-x86_64-debian-gcc | 0.4.2 | 15.66 | 109.04 | 124.70 | NOTE | |
r-devel-linux-x86_64-fedora-clang | 0.4.2 | 198.02 | NOTE | |||
r-devel-linux-x86_64-fedora-gcc | 0.4.2 | 105.93 | NOTE | |||
r-devel-windows-x86_64 | 0.4.2 | 16.00 | 117.00 | 133.00 | OK | |
r-patched-linux-x86_64 | 0.4.2 | 20.21 | 138.52 | 158.73 | NOTE | |
r-release-linux-x86_64 | 0.4.2 | 15.20 | 135.83 | 151.03 | NOTE | |
r-release-macos-arm64 | 0.4.2 | 65.00 | OK | |||
r-release-macos-x86_64 | 0.4.2 | 107.00 | NOTE | |||
r-release-windows-x86_64 | 0.4.2 | 19.00 | 142.00 | 161.00 | OK | |
r-oldrel-macos-arm64 | 0.4.2 | 53.00 | OK | |||
r-oldrel-macos-x86_64 | 0.4.2 | 72.00 | OK | |||
r-oldrel-windows-x86_64 | 0.4.2 | 20.00 | 140.00 | 160.00 | OK |
Version: 0.4.2
Check: package dependencies
Result: NOTE
Package suggested but not available for checking: ‘PracTools’
Flavors: r-devel-linux-x86_64-debian-clang, r-devel-linux-x86_64-debian-gcc, r-devel-linux-x86_64-fedora-clang, r-devel-linux-x86_64-fedora-gcc, r-patched-linux-x86_64, r-release-linux-x86_64
Version: 0.4.2
Check: package dependencies
Result: NOTE
Package suggested but not available for checking: ‘xgboost’
Flavor: r-release-macos-x86_64