Last updated on 2023-09-29 00:56:53 CEST.
Flavor | Version | Tinstall | Tcheck | Ttotal | Status | Flags |
---|---|---|---|---|---|---|
r-devel-linux-x86_64-debian-clang | 6.0.0 | 44.35 | 256.91 | 301.26 | OK | |
r-devel-linux-x86_64-debian-gcc | 6.0.0 | 31.75 | 178.21 | 209.96 | OK | |
r-devel-linux-x86_64-fedora-clang | 6.0.0 | 424.38 | NOTE | |||
r-devel-linux-x86_64-fedora-gcc | 6.0.0 | 393.33 | OK | |||
r-devel-windows-x86_64 | 6.0.0 | 36.00 | 256.00 | 292.00 | NOTE | |
r-patched-linux-x86_64 | 6.0.0 | 46.25 | 250.19 | 296.44 | OK | |
r-release-linux-x86_64 | 6.0.0 | 41.23 | 249.47 | 290.70 | OK | |
r-release-macos-arm64 | 6.0.0 | 108.00 | NOTE | |||
r-release-macos-x86_64 | 6.0.0 | 182.00 | NOTE | |||
r-release-windows-x86_64 | 6.0.0 | 41.00 | 302.00 | 343.00 | NOTE | |
r-oldrel-macos-arm64 | 6.0.0 | 101.00 | NOTE | |||
r-oldrel-macos-x86_64 | 6.0.0 | 157.00 | NOTE | |||
r-oldrel-windows-x86_64 | 6.0.0 | 50.00 | 289.00 | 339.00 | NOTE |
Version: 6.0.0
Check: installed package size
Result: NOTE
installed size is 5.3Mb
sub-directories of 1Mb or more:
doc 2.9Mb
Flavors: r-devel-linux-x86_64-fedora-clang, r-devel-windows-x86_64, r-release-macos-arm64, r-release-macos-x86_64, r-release-windows-x86_64, r-oldrel-macos-arm64, r-oldrel-macos-x86_64, r-oldrel-windows-x86_64
Version: 6.0.0
Check: package dependencies
Result: NOTE
Package suggested but not available for checking: ‘mix’
Flavor: r-release-macos-x86_64