CRAN Package Check Results for Package mcvis

Last updated on 2024-02-23 16:53:22 CET.

Flavor Version Tinstall Tcheck Ttotal Status Flags
r-devel-linux-x86_64-debian-clang 1.0.8 NOTE
r-devel-linux-x86_64-debian-gcc 1.0.8 6.34 64.48 70.82 NOTE
r-devel-linux-x86_64-fedora-clang 1.0.8 112.31 OK
r-devel-linux-x86_64-fedora-gcc 1.0.8 118.27 OK
r-devel-windows-x86_64 1.0.8 9.00 81.00 90.00 OK
r-patched-linux-x86_64 1.0.8 6.11 80.49 86.60 OK
r-release-linux-x86_64 1.0.8 7.38 80.62 88.00 OK
r-release-macos-arm64 1.0.8 43.00 OK
r-release-macos-x86_64 1.0.8 73.00 OK
r-release-windows-x86_64 1.0.8 11.00 93.00 104.00 OK
r-oldrel-macos-arm64 1.0.8 35.00 OK
r-oldrel-windows-x86_64 1.0.8 11.00 103.00 114.00 OK

Check Details

Version: 1.0.8
Check: Rd files
Result: NOTE checkRd: (-1) mcvis.Rd:32: Lost braces in \itemize; \value handles \item{}{} directly checkRd: (-1) mcvis.Rd:33: Lost braces in \itemize; \value handles \item{}{} directly checkRd: (-1) mcvis.Rd:34: Lost braces in \itemize; \value handles \item{}{} directly Flavors: r-devel-linux-x86_64-debian-clang, r-devel-linux-x86_64-debian-gcc