CRAN Package Check Results for Package mdpeer

Last updated on 2024-02-26 16:56:29 CET.

Flavor Version Tinstall Tcheck Ttotal Status Flags
r-devel-linux-x86_64-debian-clang 1.0.1 6.71 73.98 80.69 NOTE
r-devel-linux-x86_64-debian-gcc 1.0.1 5.45 56.72 62.17 NOTE
r-devel-linux-x86_64-fedora-clang 1.0.1 96.94 NOTE
r-devel-linux-x86_64-fedora-gcc 1.0.1 105.59 NOTE
r-devel-windows-x86_64 1.0.1 7.00 80.00 87.00 NOTE
r-patched-linux-x86_64 1.0.1 5.22 72.70 77.92 NOTE
r-release-linux-x86_64 1.0.1 4.29 72.31 76.60 NOTE
r-release-macos-arm64 1.0.1 39.00 NOTE
r-release-macos-x86_64 1.0.1 60.00 NOTE
r-release-windows-x86_64 1.0.1 9.00 90.00 99.00 NOTE
r-oldrel-macos-arm64 1.0.1 33.00 NOTE
r-oldrel-windows-x86_64 1.0.1 10.00 94.00 104.00 NOTE

Check Details

Version: 1.0.1
Check: LazyData
Result: NOTE 'LazyData' is specified without a 'data' directory Flavors: r-devel-linux-x86_64-debian-clang, r-devel-linux-x86_64-debian-gcc, r-devel-linux-x86_64-fedora-clang, r-devel-linux-x86_64-fedora-gcc, r-devel-windows-x86_64, r-patched-linux-x86_64, r-release-linux-x86_64, r-release-macos-arm64, r-release-macos-x86_64, r-release-windows-x86_64, r-oldrel-macos-arm64, r-oldrel-windows-x86_64

Version: 1.0.1
Check: dependencies in R code
Result: NOTE Namespace in Imports field not imported from: ‘glmnet’ All declared Imports should be used. Flavors: r-devel-linux-x86_64-fedora-clang, r-devel-linux-x86_64-fedora-gcc, r-oldrel-macos-arm64