CRAN Package Check Results for Package measuRing

Last updated on 2024-04-22 00:53:23 CEST.

Flavor Version Tinstall Tcheck Ttotal Status Flags
r-devel-linux-x86_64-debian-clang 0.5 13.31 107.94 121.25 NOTE
r-devel-linux-x86_64-debian-gcc 0.5 9.13 78.47 87.60 NOTE
r-devel-linux-x86_64-fedora-clang 0.5 145.61 NOTE
r-devel-linux-x86_64-fedora-gcc 0.5 136.92 NOTE
r-prerel-macos-arm64 0.5 39.00 NOTE
r-prerel-windows-x86_64 0.5 9.00 96.00 105.00 NOTE
r-patched-linux-x86_64 0.5 10.58 103.70 114.28 NOTE
r-release-linux-x86_64 0.5 12.08 105.33 117.41 NOTE
r-release-macos-arm64 0.5 50.00 NOTE
r-release-macos-x86_64 0.5 75.00 NOTE
r-release-windows-x86_64 0.5 14.00 115.00 129.00 NOTE
r-oldrel-macos-arm64 0.5 38.00 NOTE
r-oldrel-windows-x86_64 0.5 15.00 115.00 130.00 NOTE

Check Details

Version: 0.5
Check: LazyData
Result: NOTE 'LazyData' is specified without a 'data' directory Flavors: r-devel-linux-x86_64-debian-clang, r-devel-linux-x86_64-debian-gcc, r-devel-linux-x86_64-fedora-clang, r-devel-linux-x86_64-fedora-gcc, r-prerel-macos-arm64, r-prerel-windows-x86_64, r-patched-linux-x86_64, r-release-linux-x86_64, r-release-macos-arm64, r-release-macos-x86_64, r-release-windows-x86_64, r-oldrel-macos-arm64, r-oldrel-windows-x86_64