CRAN Package Check Results for Package medicare

Last updated on 2024-03-03 01:00:48 CET.

Flavor Version Tinstall Tcheck Ttotal Status Flags
r-devel-linux-x86_64-debian-clang 0.2.1 4.51 40.65 45.16 NOTE
r-devel-linux-x86_64-debian-gcc 0.2.1 4.60 31.86 36.46 NOTE
r-devel-linux-x86_64-fedora-clang 0.2.1 57.94 NOTE
r-devel-linux-x86_64-fedora-gcc 0.2.1 69.13 NOTE
r-devel-windows-x86_64 0.2.1 7.00 55.00 62.00 OK
r-patched-linux-x86_64 0.2.1 4.72 39.86 44.58 OK
r-release-linux-x86_64 0.2.1 6.40 39.33 45.73 OK
r-release-macos-arm64 0.2.1 31.00 OK
r-release-macos-x86_64 0.2.1 49.00 OK
r-release-windows-x86_64 0.2.1 8.00 61.00 69.00 OK
r-oldrel-macos-arm64 0.2.1 29.00 OK
r-oldrel-windows-x86_64 0.2.1 8.00 61.00 69.00 OK

Check Details

Version: 0.2.1
Check: Rd files
Result: NOTE checkRd: (-1) hospiceALPHA.Rd:9: Lost braces in \itemize; meant \describe ? checkRd: (-1) hospiceALPHA.Rd:10: Lost braces in \itemize; meant \describe ? checkRd: (-1) hospiceALPHA.Rd:11: Lost braces in \itemize; meant \describe ? checkRd: (-1) hospiceALPHA.Rd:12: Lost braces in \itemize; meant \describe ? checkRd: (-1) hospiceALPHA.Rd:13: Lost braces in \itemize; meant \describe ? checkRd: (-1) hospiceNMRC.Rd:9: Lost braces in \itemize; meant \describe ? checkRd: (-1) hospiceNMRC.Rd:10: Lost braces in \itemize; meant \describe ? checkRd: (-1) hospiceNMRC.Rd:11: Lost braces in \itemize; meant \describe ? checkRd: (-1) hospiceNMRC.Rd:12: Lost braces in \itemize; meant \describe ? checkRd: (-1) hospiceNMRC.Rd:13: Lost braces in \itemize; meant \describe ? checkRd: (-1) hospiceRPT.Rd:9: Lost braces in \itemize; meant \describe ? checkRd: (-1) hospiceRPT.Rd:10: Lost braces in \itemize; meant \describe ? checkRd: (-1) hospiceRPT.Rd:11: Lost braces in \itemize; meant \describe ? checkRd: (-1) hospiceRPT.Rd:12: Lost braces in \itemize; meant \describe ? checkRd: (-1) hospiceRPT.Rd:13: Lost braces in \itemize; meant \describe ? checkRd: (-1) hospiceRPT.Rd:14: Lost braces in \itemize; meant \describe ? checkRd: (-1) hospiceRPT.Rd:15: Lost braces in \itemize; meant \describe ? checkRd: (-1) hospiceRPT.Rd:16: Lost braces in \itemize; meant \describe ? checkRd: (-1) hospiceRPT.Rd:17: Lost braces in \itemize; meant \describe ? checkRd: (-1) hospiceRPT.Rd:18: Lost braces in \itemize; meant \describe ? checkRd: (-1) hospiceRPT.Rd:19: Lost braces in \itemize; meant \describe ? checkRd: (-1) hospiceRPT.Rd:20: Lost braces in \itemize; meant \describe ? checkRd: (-1) hospiceRPT.Rd:21: Lost braces in \itemize; meant \describe ? checkRd: (-1) hospiceRPT.Rd:22: Lost braces in \itemize; meant \describe ? checkRd: (-1) hospiceRPT.Rd:23: Lost braces in \itemize; meant \describe ? checkRd: (-1) hospiceRPT.Rd:24: Lost braces in \itemize; meant \describe ? checkRd: (-1) hospiceRPT.Rd:25: Lost braces in \itemize; meant \describe ? checkRd: (-1) hospiceRPT.Rd:26: Lost braces in \itemize; meant \describe ? Flavors: r-devel-linux-x86_64-debian-clang, r-devel-linux-x86_64-debian-gcc, r-devel-linux-x86_64-fedora-clang, r-devel-linux-x86_64-fedora-gcc