CRAN Package Check Results for Package memofunc

Last updated on 2024-02-22 16:49:21 CET.

Flavor Version Tinstall Tcheck Ttotal Status Flags
r-devel-linux-x86_64-debian-clang 1.0.2 NOTE
r-devel-linux-x86_64-debian-gcc 1.0.2 1.81 23.18 24.99 NOTE
r-devel-linux-x86_64-fedora-clang 1.0.2 39.86 NOTE
r-devel-linux-x86_64-fedora-gcc 1.0.2 37.73 NOTE
r-devel-windows-x86_64 1.0.2 3.00 57.00 60.00 NOTE
r-patched-linux-x86_64 1.0.2 2.46 29.09 31.55 NOTE
r-release-linux-x86_64 1.0.2 2.26 28.31 30.57 NOTE
r-release-macos-arm64 1.0.2 21.00 NOTE
r-release-macos-x86_64 1.0.2 27.00 NOTE
r-release-windows-x86_64 1.0.2 5.00 57.00 62.00 NOTE
r-oldrel-macos-arm64 1.0.2 23.00 NOTE
r-oldrel-windows-x86_64 1.0.2 5.00 59.00 64.00 NOTE

Check Details

Version: 1.0.2
Check: LazyData
Result: NOTE 'LazyData' is specified without a 'data' directory Flavors: r-devel-linux-x86_64-debian-clang, r-devel-linux-x86_64-debian-gcc, r-devel-linux-x86_64-fedora-clang, r-devel-linux-x86_64-fedora-gcc, r-devel-windows-x86_64, r-patched-linux-x86_64, r-release-linux-x86_64, r-release-macos-arm64, r-release-macos-x86_64, r-release-windows-x86_64, r-oldrel-macos-arm64, r-oldrel-windows-x86_64