CRAN Package Check Results for Package metamer

Last updated on 2024-02-24 16:48:25 CET.

Flavor Version Tinstall Tcheck Ttotal Status Flags
r-devel-linux-x86_64-debian-clang 0.3.0 2.51 38.40 40.91 OK
r-devel-linux-x86_64-debian-gcc 0.3.0 2.79 29.95 32.74 OK
r-devel-linux-x86_64-fedora-clang 0.3.0 52.09 NOTE
r-devel-linux-x86_64-fedora-gcc 0.3.0 52.59 NOTE
r-devel-windows-x86_64 0.3.0 4.00 52.00 56.00 OK
r-patched-linux-x86_64 0.3.0 4.07 39.49 43.56 OK
r-release-linux-x86_64 0.3.0 3.98 38.22 42.20 OK
r-release-macos-arm64 0.3.0 24.00 OK
r-release-macos-x86_64 0.3.0 32.00 OK
r-release-windows-x86_64 0.3.0 5.00 58.00 63.00 OK
r-oldrel-macos-arm64 0.3.0 22.00 NOTE
r-oldrel-windows-x86_64 0.3.0 5.00 66.00 71.00 OK

Check Details

Version: 0.3.0
Check: dependencies in R code
Result: NOTE Namespace in Imports field not imported from: ‘progress’ All declared Imports should be used. Flavors: r-devel-linux-x86_64-fedora-clang, r-devel-linux-x86_64-fedora-gcc, r-oldrel-macos-arm64