Last updated on 2024-05-13 08:50:16 CEST.
Flavor | Version | Tinstall | Tcheck | Ttotal | Status | Flags |
---|---|---|---|---|---|---|
r-devel-linux-x86_64-debian-clang | 1.2.2 | 13.20 | 81.97 | 95.17 | OK | |
r-devel-linux-x86_64-debian-gcc | 1.2.2 | 9.49 | 59.08 | 68.57 | OK | |
r-devel-linux-x86_64-fedora-clang | 1.2.2 | 115.09 | NOTE | |||
r-devel-linux-x86_64-fedora-gcc | 1.2.2 | 153.05 | NOTE | |||
r-devel-windows-x86_64 | 1.2.2 | 12.00 | 77.00 | 89.00 | OK | |
r-patched-linux-x86_64 | 1.2.2 | 12.17 | 78.36 | 90.53 | OK | |
r-release-linux-x86_64 | 1.2.2 | 7.54 | 76.31 | 83.85 | OK | |
r-release-macos-arm64 | 1.2.2 | 33.00 | OK | |||
r-release-windows-x86_64 | 1.2.2 | 11.00 | 76.00 | 87.00 | OK | |
r-oldrel-macos-arm64 | 1.2.2 | 36.00 | OK | |||
r-oldrel-macos-x86_64 | 1.2.2 | 56.00 | OK | |||
r-oldrel-windows-x86_64 | 1.2.2 | 15.00 | 88.00 | 103.00 | OK |
Version: 1.2.2
Check: dependencies in R code
Result: NOTE
Namespaces in Imports field not imported from:
‘ade4’ ‘dendextend’ ‘ggforce’ ‘ggrepel’ ‘stringr’ ‘tidyverse’
All declared Imports should be used.
Flavors: r-devel-linux-x86_64-fedora-clang, r-devel-linux-x86_64-fedora-gcc