CRAN Package Check Results for Package meteoland

Last updated on 2024-02-28 08:54:33 CET.

Flavor Version Tinstall Tcheck Ttotal Status Flags
r-devel-linux-x86_64-debian-clang 2.2.1 106.80 529.39 636.19 OK
r-devel-linux-x86_64-debian-gcc 2.2.1 75.89 412.01 487.90 OK
r-devel-linux-x86_64-fedora-clang 2.2.1 802.96 NOTE
r-devel-linux-x86_64-fedora-gcc 2.2.1 811.06 NOTE
r-devel-windows-x86_64 2.2.1 77.00 401.00 478.00 OK
r-patched-linux-x86_64 2.2.1 77.08 524.38 601.46 OK
r-release-linux-x86_64 2.2.1 71.54 524.67 596.21 OK
r-release-macos-arm64 2.2.1 179.00 OK
r-release-macos-x86_64 2.2.1 560.00 OK
r-release-windows-x86_64 2.2.1 101.00 450.00 551.00 OK
r-oldrel-macos-arm64 2.2.1 191.00 OK
r-oldrel-windows-x86_64 2.2.1 95.00 451.00 546.00 OK

Check Details

Version: 2.2.1
Check: data for non-ASCII characters
Result: NOTE Note: found 3300 marked UTF-8 strings Flavors: r-devel-linux-x86_64-fedora-clang, r-devel-linux-x86_64-fedora-gcc