Last updated on 2024-05-04 08:51:22 CEST.
Flavor | Version | Tinstall | Tcheck | Ttotal | Status | Flags |
---|---|---|---|---|---|---|
r-devel-linux-x86_64-debian-clang | 0.1.1 | 60.62 | 277.78 | 338.40 | NOTE | |
r-devel-linux-x86_64-debian-gcc | 0.1.1 | 46.70 | 258.90 | 305.60 | NOTE | |
r-devel-linux-x86_64-fedora-clang | 0.1.1 | 406.18 | NOTE | |||
r-devel-linux-x86_64-fedora-gcc | 0.1.1 | 521.69 | NOTE | |||
r-devel-windows-x86_64 | 0.1.1 | 45.00 | 318.00 | 363.00 | NOTE | |
r-patched-linux-x86_64 | 0.1.1 | 56.17 | 444.49 | 500.66 | NOTE | |
r-release-linux-x86_64 | 0.1.1 | 55.50 | 340.09 | 395.59 | NOTE | |
r-release-macos-arm64 | 0.1.1 | 98.00 | NOTE | |||
r-release-windows-x86_64 | 0.1.1 | 44.00 | 204.00 | 248.00 | NOTE | |
r-oldrel-macos-arm64 | 0.1.1 | 107.00 | NOTE | |||
r-oldrel-macos-x86_64 | 0.1.1 | 167.00 | NOTE | |||
r-oldrel-windows-x86_64 | 0.1.1 | 53.00 | 252.00 | 305.00 | NOTE |
Version: 0.1.1
Check: C++ specification
Result: NOTE
Specified C++11: please drop specification unless essential
Flavors: r-devel-linux-x86_64-debian-clang, r-devel-linux-x86_64-debian-gcc, r-devel-linux-x86_64-fedora-clang, r-devel-linux-x86_64-fedora-gcc, r-devel-windows-x86_64, r-patched-linux-x86_64, r-release-linux-x86_64, r-release-macos-arm64, r-release-windows-x86_64, r-oldrel-macos-arm64, r-oldrel-macos-x86_64, r-oldrel-windows-x86_64
Version: 0.1.1
Check: installed package size
Result: NOTE
installed size is 5.8Mb
sub-directories of 1Mb or more:
doc 2.3Mb
help 2.0Mb
libs 1.2Mb
Flavors: r-devel-windows-x86_64, r-release-macos-arm64, r-release-windows-x86_64, r-oldrel-macos-arm64, r-oldrel-macos-x86_64, r-oldrel-windows-x86_64