Last updated on 2024-04-18 01:03:01 CEST.
Flavor | Version | Tinstall | Tcheck | Ttotal | Status | Flags |
---|---|---|---|---|---|---|
r-devel-linux-x86_64-debian-clang | 1.16 | 146.56 | 235.68 | 382.24 | OK | |
r-devel-linux-x86_64-debian-gcc | 1.16 | 110.05 | 158.69 | 268.74 | OK | |
r-devel-linux-x86_64-fedora-clang | 1.16 | 481.95 | NOTE | |||
r-devel-linux-x86_64-fedora-gcc | 1.16 | 491.39 | NOTE | |||
r-prerel-macos-arm64 | 1.16 | 102.00 | NOTE | |||
r-prerel-windows-x86_64 | 1.16 | 108.00 | 206.00 | 314.00 | OK | |
r-patched-linux-x86_64 | 1.16 | 143.79 | 219.86 | 363.65 | OK | |
r-release-linux-x86_64 | 1.16 | 146.31 | 217.71 | 364.02 | OK | |
r-release-macos-arm64 | 1.16 | 116.00 | NOTE | |||
r-release-macos-x86_64 | 1.16 | 292.00 | NOTE | |||
r-release-windows-x86_64 | 1.16 | 141.00 | 254.00 | 395.00 | OK | |
r-oldrel-macos-arm64 | 1.16 | 95.00 | NOTE | |||
r-oldrel-windows-x86_64 | 1.16 | 137.00 | 214.00 | 351.00 | OK |
Version: 1.16
Check: data for non-ASCII characters
Result: NOTE
Note: found 6 marked UTF-8 strings
Flavors: r-devel-linux-x86_64-fedora-clang, r-devel-linux-x86_64-fedora-gcc
Version: 1.16
Check: installed package size
Result: NOTE
installed size is 9.6Mb
sub-directories of 1Mb or more:
data 1.1Mb
libs 6.5Mb
Flavors: r-prerel-macos-arm64, r-release-macos-arm64, r-release-macos-x86_64, r-oldrel-macos-arm64