CRAN Package Check Results for Package mfGARCH

Last updated on 2024-02-25 01:01:10 CET.

Flavor Version Tinstall Tcheck Ttotal Status Flags
r-devel-linux-x86_64-debian-clang 0.2.1 55.47 191.41 246.88 NOTE
r-devel-linux-x86_64-debian-gcc 0.2.1 38.98 154.73 193.71 NOTE
r-devel-linux-x86_64-fedora-clang 0.2.1 324.17 NOTE
r-devel-linux-x86_64-fedora-gcc 0.2.1 347.29 NOTE
r-devel-windows-x86_64 0.2.1 42.00 207.00 249.00 NOTE
r-patched-linux-x86_64 0.2.1 55.47 189.72 245.19 NOTE
r-release-linux-x86_64 0.2.1 43.09 184.57 227.66 NOTE
r-release-macos-arm64 0.2.1 100.00 NOTE
r-release-macos-x86_64 0.2.1 181.00 NOTE
r-release-windows-x86_64 0.2.1 53.00 257.00 310.00 NOTE
r-oldrel-macos-arm64 0.2.1 89.00 OK
r-oldrel-windows-x86_64 0.2.1 50.00 272.00 322.00 OK

Check Details

Version: 0.2.1
Check: package subdirectories
Result: NOTE Problems with news in ‘NEWS.md’: No news entries found. Flavors: r-devel-linux-x86_64-debian-clang, r-devel-linux-x86_64-debian-gcc, r-devel-linux-x86_64-fedora-clang, r-devel-linux-x86_64-fedora-gcc, r-devel-windows-x86_64, r-patched-linux-x86_64, r-release-linux-x86_64, r-release-macos-arm64, r-release-macos-x86_64, r-release-windows-x86_64