CRAN Package Check Results for Package micemd

Last updated on 2024-07-23 08:49:10 CEST.

Flavor Version Tinstall Tcheck Ttotal Status Flags
r-devel-linux-x86_64-debian-clang 1.10.0 24.91 187.34 212.25 OK
r-devel-linux-x86_64-debian-gcc 1.10.0 20.29 147.24 167.53 NOTE
r-devel-linux-x86_64-fedora-clang 1.10.0 271.40 OK
r-devel-linux-x86_64-fedora-gcc 1.10.0 247.03 OK
r-devel-windows-x86_64 1.10.0 20.00 140.00 160.00 NOTE
r-patched-linux-x86_64 1.10.0 26.63 177.39 204.02 OK
r-release-linux-x86_64 1.10.0 16.26 182.69 198.95 OK
r-release-macos-arm64 1.10.0 67.00 OK
r-release-macos-x86_64 1.10.0 101.00 OK
r-release-windows-x86_64 1.10.0 20.00 140.00 160.00 OK
r-oldrel-macos-arm64 1.10.0 78.00 OK
r-oldrel-macos-x86_64 1.10.0 120.00 OK
r-oldrel-windows-x86_64 1.10.0 28.00 174.00 202.00 OK

Check Details

Version: 1.10.0
Check: Rd cross-references
Result: NOTE Found the following Rd file(s) with Rd \link{} targets missing package anchors: find.defaultMethod.Rd: mice mice.impute.2l.2stage.bin.Rd: mice mice.impute.2l.2stage.heckman.Rd: mice mice.impute.2l.2stage.norm.Rd: mice mice.impute.2l.2stage.pois.Rd: mice mice.impute.2l.glm.bin.Rd: mice mice.impute.2l.glm.norm.Rd: mice mice.impute.2l.glm.pois.Rd: mice mice.impute.2l.jomo.Rd: mice, jomo1ran mice.par.Rd: mids-class, mice micemd-package.Rd: mice overimpute.Rd: mice plot.mira.Rd: mice, mids-class Please provide package anchors for all Rd \link{} targets not in the package itself and the base packages. Flavors: r-devel-linux-x86_64-debian-gcc, r-devel-windows-x86_64