CRAN Package Check Results for Package microbial

Last updated on 2024-03-03 01:00:49 CET.

Flavor Version Tinstall Tcheck Ttotal Status Flags
r-devel-linux-x86_64-debian-clang 0.0.20 41.45 537.30 578.75 OK
r-devel-linux-x86_64-debian-gcc 0.0.20 38.86 400.67 439.53 OK
r-devel-linux-x86_64-fedora-clang 0.0.20 730.84 NOTE
r-devel-linux-x86_64-fedora-gcc 0.0.20 727.74 NOTE
r-devel-windows-x86_64 0.0.20 43.00 358.00 401.00 OK
r-patched-linux-x86_64 0.0.20 43.62 520.84 564.46 OK
r-release-linux-x86_64 0.0.20 46.09 530.43 576.52 OK
r-release-macos-arm64 0.0.20 9.00 ERROR
r-release-macos-x86_64 0.0.20 9.00 ERROR
r-release-windows-x86_64 0.0.20 61.00 488.00 549.00 OK
r-oldrel-macos-arm64 0.0.20 158.00 NOTE
r-oldrel-windows-x86_64 0.0.20 57.00 460.00 517.00 OK

Check Details

Version: 0.0.20
Check: dependencies in R code
Result: NOTE Namespace in Imports field not imported from: ‘testthat’ All declared Imports should be used. Flavors: r-devel-linux-x86_64-fedora-clang, r-devel-linux-x86_64-fedora-gcc, r-oldrel-macos-arm64

Version: 0.0.20
Check: package dependencies
Result: ERROR Package required but not available: ‘phyloseq’ Package suggested but not available for checking: ‘dada2’ See section ‘The DESCRIPTION file’ in the ‘Writing R Extensions’ manual. Flavors: r-release-macos-arm64, r-release-macos-x86_64

Version: 0.0.20
Check: package dependencies
Result: NOTE Package suggested but not available for checking: ‘dada2’ Flavor: r-oldrel-macos-arm64