CRAN Package Check Results for Package microclass

Last updated on 2024-02-27 16:49:21 CET.

Flavor Version Tinstall Tcheck Ttotal Status Flags
r-devel-linux-x86_64-debian-clang 1.2 76.38 71.78 148.16 NOTE
r-devel-linux-x86_64-debian-gcc 1.2 62.51 53.81 116.32 NOTE
r-devel-linux-x86_64-fedora-clang 1.2 228.92 NOTE
r-devel-linux-x86_64-fedora-gcc 1.2 227.15 NOTE
r-devel-windows-x86_64 1.2 66.00 96.00 162.00 NOTE
r-patched-linux-x86_64 1.2 65.97 71.50 137.47 NOTE
r-release-linux-x86_64 1.2 56.87 71.60 128.47 NOTE
r-release-macos-arm64 1.2 70.00 NOTE
r-release-macos-x86_64 1.2 105.00 NOTE
r-release-windows-x86_64 1.2 84.00 112.00 196.00 NOTE
r-oldrel-macos-arm64 1.2 58.00 NOTE
r-oldrel-windows-x86_64 1.2 82.00 112.00 194.00 NOTE

Check Details

Version: 1.2
Check: C++ specification
Result: NOTE Specified C++11: please drop specification unless essential Flavors: r-devel-linux-x86_64-debian-clang, r-devel-linux-x86_64-debian-gcc, r-devel-linux-x86_64-fedora-clang, r-devel-linux-x86_64-fedora-gcc, r-devel-windows-x86_64, r-patched-linux-x86_64, r-release-linux-x86_64, r-release-macos-arm64, r-release-macos-x86_64, r-release-windows-x86_64

Version: 1.2
Check: for GNU extensions in Makefiles
Result: NOTE GNU make is a SystemRequirements. Flavors: r-devel-linux-x86_64-debian-clang, r-devel-linux-x86_64-debian-gcc, r-devel-linux-x86_64-fedora-clang, r-devel-linux-x86_64-fedora-gcc, r-devel-windows-x86_64, r-patched-linux-x86_64, r-release-linux-x86_64, r-release-macos-arm64, r-release-macos-x86_64, r-release-windows-x86_64, r-oldrel-macos-arm64, r-oldrel-windows-x86_64

Version: 1.2
Check: dependencies in R code
Result: NOTE Namespace in Imports field not imported from: ‘tibble’ All declared Imports should be used. Flavors: r-devel-linux-x86_64-fedora-clang, r-devel-linux-x86_64-fedora-gcc, r-oldrel-macos-arm64