CRAN Package Check Results for Package microseq

Last updated on 2024-02-23 16:53:23 CET.

Flavor Version Tinstall Tcheck Ttotal Status Flags
r-devel-linux-x86_64-debian-clang 2.1.6 NOTE
r-devel-linux-x86_64-debian-gcc 2.1.6 39.21 45.76 84.97 NOTE
r-devel-linux-x86_64-fedora-clang 2.1.6 161.18 OK
r-devel-linux-x86_64-fedora-gcc 2.1.6 164.87 OK
r-devel-windows-x86_64 2.1.6 42.00 98.00 140.00 OK
r-patched-linux-x86_64 2.1.6 50.85 58.43 109.28 OK
r-release-linux-x86_64 2.1.6 49.21 56.94 106.15 OK
r-release-macos-arm64 2.1.6 48.00 OK
r-release-macos-x86_64 2.1.6 86.00 OK
r-release-windows-x86_64 2.1.6 53.00 109.00 162.00 OK
r-oldrel-macos-arm64 2.1.6 47.00 OK
r-oldrel-windows-x86_64 2.1.6 50.00 107.00 157.00 OK

Check Details

Version: 2.1.6
Check: Rd files
Result: NOTE checkRd: (-1) readFastq.Rd:62: Lost braces 62 | code{\link{readFasta}}. | ^ Flavors: r-devel-linux-x86_64-debian-clang, r-devel-linux-x86_64-debian-gcc