CRAN Package Check Results for Package midasml

Last updated on 2024-03-03 01:00:49 CET.

Flavor Version Tinstall Tcheck Ttotal Status Flags
r-devel-linux-x86_64-debian-clang 0.1.10 13.13 95.93 109.06 OK
r-devel-linux-x86_64-debian-gcc 0.1.10 11.51 73.29 84.80 OK
r-devel-linux-x86_64-fedora-clang 0.1.10 135.87 NOTE
r-devel-linux-x86_64-fedora-gcc 0.1.10 131.43 OK
r-devel-windows-x86_64 0.1.10 17.00 99.00 116.00 OK
r-patched-linux-x86_64 0.1.10 15.11 94.74 109.85 OK
r-release-linux-x86_64 0.1.10 12.00 95.53 107.53 OK
r-release-macos-arm64 0.1.10 46.00 OK
r-release-macos-x86_64 0.1.10 72.00 OK
r-release-windows-x86_64 0.1.10 19.00 115.00 134.00 OK
r-oldrel-macos-arm64 0.1.10 40.00 OK
r-oldrel-windows-x86_64 0.1.10 19.00 111.00 130.00 OK

Check Details

Version: 0.1.10
Check: installed package size
Result: NOTE installed size is 8.2Mb sub-directories of 1Mb or more: libs 7.3Mb Flavor: r-devel-linux-x86_64-fedora-clang