CRAN Package Check Results for Package midrangeMCP

Last updated on 2024-02-23 00:59:34 CET.

Flavor Version Tinstall Tcheck Ttotal Status Flags
r-devel-linux-x86_64-debian-clang 3.1.1 NOTE
r-devel-linux-x86_64-debian-gcc 3.1.1 5.08 34.76 39.84 NOTE
r-devel-linux-x86_64-fedora-clang 3.1.1 64.76 NOTE
r-devel-linux-x86_64-fedora-gcc 3.1.1 62.44 NOTE
r-devel-windows-x86_64 3.1.1 6.00 53.00 59.00 NOTE
r-patched-linux-x86_64 3.1.1 4.79 44.96 49.75 NOTE
r-release-linux-x86_64 3.1.1 4.62 44.38 49.00 NOTE
r-release-macos-arm64 3.1.1 24.00 NOTE
r-release-macos-x86_64 3.1.1 39.00 NOTE
r-release-windows-x86_64 3.1.1 7.00 57.00 64.00 NOTE
r-oldrel-macos-arm64 3.1.1 34.00 NOTE
r-oldrel-windows-x86_64 3.1.1 6.00 64.00 70.00 NOTE

Check Details

Version: 3.1.1
Check: LazyData
Result: NOTE 'LazyData' is specified without a 'data' directory Flavors: r-devel-linux-x86_64-debian-clang, r-devel-linux-x86_64-debian-gcc, r-devel-linux-x86_64-fedora-clang, r-devel-linux-x86_64-fedora-gcc, r-devel-windows-x86_64, r-patched-linux-x86_64, r-release-linux-x86_64, r-release-macos-arm64, r-release-macos-x86_64, r-release-windows-x86_64, r-oldrel-macos-arm64, r-oldrel-windows-x86_64