CRAN Package Check Results for Package miic

Last updated on 2024-02-21 00:54:33 CET.

Flavor Version Tinstall Tcheck Ttotal Status Flags
r-devel-linux-x86_64-debian-clang 1.5.3 NOTE
r-devel-linux-x86_64-debian-gcc 1.5.3 85.45 32.90 118.35 NOTE
r-devel-linux-x86_64-fedora-clang 1.5.3 241.33 NOTE
r-devel-linux-x86_64-fedora-gcc 1.5.3 219.52 NOTE
r-devel-windows-x86_64 1.5.3 79.00 75.00 154.00 NOTE
r-patched-linux-x86_64 1.5.3 115.62 43.13 158.75 NOTE
r-release-linux-x86_64 1.5.3 95.79 43.41 139.20 NOTE
r-release-macos-arm64 1.5.3 59.00 NOTE
r-release-macos-x86_64 1.5.3 99.00 NOTE
r-release-windows-x86_64 1.5.3 102.00 85.00 187.00 NOTE
r-oldrel-macos-arm64 1.5.3 54.00 NOTE
r-oldrel-windows-x86_64 1.5.3 102.00 87.00 189.00 OK

Check Details

Version: 1.5.3
Check: C++ specification
Result: NOTE Specified C++14: please drop specification unless essential Flavors: r-devel-linux-x86_64-debian-clang, r-devel-linux-x86_64-debian-gcc, r-devel-linux-x86_64-fedora-clang, r-devel-linux-x86_64-fedora-gcc, r-devel-windows-x86_64, r-patched-linux-x86_64, r-release-linux-x86_64, r-release-macos-arm64, r-release-macos-x86_64, r-release-windows-x86_64

Version: 1.5.3
Check: Rd files
Result: NOTE checkRd: (-1) discretizeMutual.Rd:58: Lost braces 58 | \item{two vectors containing the cutpoints for each variable : \emph{cutpoints1} corresponds to /emph{myDist1}, /emph{cutpoints2} corresponds to /emph{myDist2}.} | ^ checkRd: (-1) discretizeMutual.Rd:58: Lost braces 58 | \item{two vectors containing the cutpoints for each variable : \emph{cutpoints1} corresponds to /emph{myDist1}, /emph{cutpoints2} corresponds to /emph{myDist2}.} | ^ checkRd: (-1) discretizeMutual.Rd:58: Lost braces 58 | \item{two vectors containing the cutpoints for each variable : \emph{cutpoints1} corresponds to /emph{myDist1}, /emph{cutpoints2} corresponds to /emph{myDist2}.} | ^ checkRd: (-1) discretizeMutual.Rd:62: Lost braces 62 | \item{if $emph{plot} == TRUE, a plot object (requires ggplot2 and gridExtra).} | ^ checkRd: (-1) miic.Rd:158-209: Lost braces in \itemize; \value handles \item{}{} directly checkRd: (-1) miic.Rd:211: Lost braces in \itemize; \value handles \item{}{} directly checkRd: (-1) miic.Rd:213-214: Lost braces in \itemize; \value handles \item{}{} directly Flavors: r-devel-linux-x86_64-debian-clang, r-devel-linux-x86_64-debian-gcc

Version: 1.5.3
Check: installed package size
Result: NOTE installed size is 6.5Mb sub-directories of 1Mb or more: libs 6.2Mb Flavors: r-release-macos-arm64, r-release-macos-x86_64, r-oldrel-macos-arm64