Last updated on 2024-08-31 17:49:00 CEST.
Flavor | Version | Tinstall | Tcheck | Ttotal | Status | Flags |
---|---|---|---|---|---|---|
r-devel-linux-x86_64-debian-clang | 0.6-28 | 2.16 | 24.55 | 26.71 | NOTE | |
r-devel-linux-x86_64-debian-gcc | 0.6-28 | 1.72 | 19.00 | 20.72 | NOTE | |
r-devel-linux-x86_64-fedora-clang | 0.6-28 | 43.61 | NOTE | |||
r-devel-linux-x86_64-fedora-gcc | 0.6-28 | 42.26 | NOTE | |||
r-devel-windows-x86_64 | 0.6-28 | 3.00 | 51.00 | 54.00 | NOTE | |
r-patched-linux-x86_64 | 0.6-28 | 2.37 | 23.41 | 25.78 | NOTE | |
r-release-linux-x86_64 | 0.6-28 | 2.09 | 23.74 | 25.83 | NOTE | |
r-release-macos-arm64 | 0.6-28 | 20.00 | NOTE | |||
r-release-macos-x86_64 | 0.6-28 | 28.00 | NOTE | |||
r-release-windows-x86_64 | 0.6-28 | 3.00 | 67.00 | 70.00 | NOTE | |
r-oldrel-macos-arm64 | 0.6-28 | 19.00 | OK | |||
r-oldrel-macos-x86_64 | 0.6-28 | 39.00 | OK | |||
r-oldrel-windows-x86_64 | 0.6-28 | 4.00 | 56.00 | 60.00 | OK |
Version: 0.6-28
Check: Rd files
Result: NOTE
checkRd: (-1) sumKeepAttr.Rd:19: Lost braces
19 | (only relevant if code{x} has only one element).}
| ^
Flavors: r-devel-linux-x86_64-debian-clang, r-devel-linux-x86_64-debian-gcc, r-devel-linux-x86_64-fedora-clang, r-devel-linux-x86_64-fedora-gcc, r-devel-windows-x86_64, r-patched-linux-x86_64, r-release-linux-x86_64, r-release-macos-arm64, r-release-macos-x86_64, r-release-windows-x86_64