CRAN Package Check Results for Package misreport

Last updated on 2024-02-25 16:51:46 CET.

Flavor Version Tinstall Tcheck Ttotal Status Flags
r-devel-linux-x86_64-debian-clang 0.1.1 3.69 32.80 36.49 NOTE --no-vignettes
r-devel-linux-x86_64-debian-gcc 0.1.1 3.53 25.73 29.26 NOTE --no-vignettes
r-devel-linux-x86_64-fedora-clang 0.1.1 983.85 NOTE
r-devel-linux-x86_64-fedora-gcc 0.1.1 1027.82 NOTE
r-devel-windows-x86_64 0.1.1 4.00 46.00 50.00 NOTE --no-vignettes
r-patched-linux-x86_64 0.1.1 4.87 32.41 37.28 OK --no-vignettes
r-release-linux-x86_64 0.1.1 4.88 32.35 37.23 OK --no-vignettes
r-release-macos-arm64 0.1.1 307.00 OK
r-release-macos-x86_64 0.1.1 539.00 NOTE
r-release-windows-x86_64 0.1.1 7.00 51.00 58.00 OK --no-vignettes
r-oldrel-macos-arm64 0.1.1 283.00 OK
r-oldrel-windows-x86_64 0.1.1 6.00 53.00 59.00 OK --no-vignettes

Check Details

Version: 0.1.1
Flags: --no-vignettes
Check: Rd \usage sections
Result: NOTE Documented arguments not in \usage in Rd file 'logAdd.Rd': ‘x’ ‘y’ Functions with \usage entries need to have the appropriate \alias entries, and all their arguments documented. The \usage entries must correspond to syntactically valid R code. See chapter ‘Writing R documentation files’ in the ‘Writing R Extensions’ manual. Flavors: r-devel-linux-x86_64-debian-clang, r-devel-linux-x86_64-debian-gcc, r-devel-windows-x86_64

Version: 0.1.1
Check: Rd cross-references
Result: NOTE Undeclared package ‘list’ in Rd xrefs Flavor: r-devel-linux-x86_64-fedora-clang

Version: 0.1.1
Check: Rd \usage sections
Result: NOTE Documented arguments not in \usage in Rd file 'logAdd.Rd': ‘x’ ‘y’ Functions with \usage entries need to have the appropriate \alias entries, and all their arguments documented. The \usage entries must correspond to syntactically valid R code. See chapter ‘Writing R documentation files’ in the ‘Writing R Extensions’ manual. Flavors: r-devel-linux-x86_64-fedora-clang, r-devel-linux-x86_64-fedora-gcc

Version: 0.1.1
Check: Rd cross-references
Result: NOTE Package unavailable to check Rd xrefs: ‘list’ Flavor: r-release-macos-x86_64