Last updated on 2024-08-31 17:49:00 CEST.
Flavor | Version | Tinstall | Tcheck | Ttotal | Status | Flags |
---|---|---|---|---|---|---|
r-devel-linux-x86_64-debian-clang | 4.4.0 | 2065.79 | 55.53 | 2121.32 | OK | |
r-devel-linux-x86_64-debian-gcc | 4.4.0 | 1492.34 | 38.47 | 1530.81 | OK | |
r-devel-linux-x86_64-fedora-clang | 4.4.0 | 3786.51 | NOTE | |||
r-devel-linux-x86_64-fedora-gcc | 4.4.0 | 4584.60 | OK | |||
r-devel-windows-x86_64 | 4.4.0 | 1838.00 | 195.00 | 2033.00 | NOTE | |
r-patched-linux-x86_64 | 4.4.0 | 2102.10 | 52.37 | 2154.47 | OK | |
r-release-linux-x86_64 | 4.4.0 | 2091.22 | 52.85 | 2144.07 | OK | |
r-release-macos-arm64 | 4.4.0 | 823.00 | NOTE | |||
r-release-macos-x86_64 | 4.4.0 | 796.00 | NOTE | |||
r-release-windows-x86_64 | 4.4.0 | 1914.00 | 218.00 | 2132.00 | NOTE | |
r-oldrel-macos-arm64 | 4.4.0 | 801.00 | NOTE | |||
r-oldrel-macos-x86_64 | 4.4.0 | 775.00 | NOTE | |||
r-oldrel-windows-x86_64 | 4.4.0 | 2260.00 | 255.00 | 2515.00 | NOTE |
Version: 4.4.0
Check: installed package size
Result: NOTE
installed size is 36.1Mb
sub-directories of 1Mb or more:
include 10.4Mb
libs 25.3Mb
Flavors: r-devel-linux-x86_64-fedora-clang, r-devel-windows-x86_64, r-release-macos-arm64, r-release-macos-x86_64, r-release-windows-x86_64, r-oldrel-macos-arm64, r-oldrel-macos-x86_64, r-oldrel-windows-x86_64