CRAN Package Check Results for Package mlquantify

Last updated on 2024-06-18 16:49:57 CEST.

Flavor Version Tinstall Tcheck Ttotal Status Flags
r-devel-linux-x86_64-debian-clang 0.2.0 3.67 44.66 48.33 OK
r-devel-linux-x86_64-debian-gcc 0.2.0 2.54 33.04 35.58 OK
r-devel-linux-x86_64-fedora-clang 0.2.0 59.91 NOTE
r-devel-linux-x86_64-fedora-gcc 0.2.0 57.01 NOTE
r-devel-windows-x86_64 0.2.0 4.00 58.00 62.00 OK
r-patched-linux-x86_64 0.2.0 2.12 41.93 44.05 OK
r-release-linux-x86_64 0.2.0 1.97 42.53 44.50 OK
r-release-macos-arm64 0.2.0 26.00 OK
r-release-macos-x86_64 0.2.0 39.00 OK
r-release-windows-x86_64 0.2.0 4.00 59.00 63.00 OK
r-oldrel-macos-arm64 0.2.0 26.00 OK
r-oldrel-macos-x86_64 0.2.0 35.00 OK
r-oldrel-windows-x86_64 0.2.0 5.00 68.00 73.00 OK

Check Details

Version: 0.2.0
Check: dependencies in R code
Result: NOTE Namespaces in Imports field not imported from: ‘caret’ ‘randomForest’ All declared Imports should be used. Flavors: r-devel-linux-x86_64-fedora-clang, r-devel-linux-x86_64-fedora-gcc