CRAN Package Check Results for Package mlquantify

Last updated on 2024-02-28 16:50:39 CET.

Flavor Version Tinstall Tcheck Ttotal Status Flags
r-devel-linux-x86_64-debian-clang 0.2.0 3.31 43.34 46.65 OK
r-devel-linux-x86_64-debian-gcc 0.2.0 1.71 33.09 34.80 OK
r-devel-linux-x86_64-fedora-clang 0.2.0 60.28 NOTE
r-devel-linux-x86_64-fedora-gcc 0.2.0 55.14 NOTE
r-devel-windows-x86_64 0.2.0 4.00 59.00 63.00 OK
r-patched-linux-x86_64 0.2.0 3.31 41.42 44.73 OK
r-release-linux-x86_64 0.2.0 2.04 43.56 45.60 OK
r-release-macos-arm64 0.2.0 26.00 OK
r-release-macos-x86_64 0.2.0 35.00 OK
r-release-windows-x86_64 0.2.0 6.00 65.00 71.00 OK
r-oldrel-macos-arm64 0.2.0 24.00 NOTE
r-oldrel-windows-x86_64 0.2.0 5.00 65.00 70.00 OK

Check Details

Version: 0.2.0
Check: dependencies in R code
Result: NOTE Namespaces in Imports field not imported from: ‘caret’ ‘randomForest’ All declared Imports should be used. Flavors: r-devel-linux-x86_64-fedora-clang, r-devel-linux-x86_64-fedora-gcc, r-oldrel-macos-arm64