CRAN Package Check Results for Package mlr3shiny

Last updated on 2024-02-27 00:59:22 CET.

Flavor Version Tinstall Tcheck Ttotal Status Flags
r-devel-linux-x86_64-debian-clang 0.3.0 2.33 24.66 26.99 OK
r-devel-linux-x86_64-debian-gcc 0.3.0 1.96 19.65 21.61 OK
r-devel-linux-x86_64-fedora-clang 0.3.0 36.18 NOTE
r-devel-linux-x86_64-fedora-gcc 0.3.0 33.20 NOTE
r-devel-windows-x86_64 0.3.0 5.00 47.00 52.00 OK
r-patched-linux-x86_64 0.3.0 1.62 25.00 26.62 OK
r-release-linux-x86_64 0.3.0 1.53 25.46 26.99 OK
r-release-macos-arm64 0.3.0 19.00 OK
r-release-macos-x86_64 0.3.0 27.00 OK
r-release-windows-x86_64 0.3.0 4.00 48.00 52.00 OK
r-oldrel-macos-arm64 0.3.0 26.00 OK
r-oldrel-windows-x86_64 0.3.0 5.00 53.00 58.00 OK

Check Details

Version: 0.3.0
Check: dependencies in R code
Result: NOTE Namespaces in Imports field not imported from: ‘DT’ ‘Metrics’ ‘data.table’ ‘dplyr’ ‘mlr3’ ‘mlr3learners’ ‘mlr3measures’ ‘mlr3pipelines’ ‘patchwork’ ‘plyr’ ‘purrr’ ‘shinyWidgets’ ‘shinyalert’ ‘shinydashboard’ ‘shinyjs’ ‘stats’ ‘stringr’ All declared Imports should be used. Flavors: r-devel-linux-x86_64-fedora-clang, r-devel-linux-x86_64-fedora-gcc