CRAN Package Check Results for Package mltools

Last updated on 2024-02-29 08:48:59 CET.

Flavor Version Tinstall Tcheck Ttotal Status Flags
r-devel-linux-x86_64-debian-clang 0.3.5 9.06 79.14 88.20 NOTE
r-devel-linux-x86_64-debian-gcc 0.3.5 6.44 60.82 67.26 NOTE
r-devel-linux-x86_64-fedora-clang 0.3.5 111.25 NOTE
r-devel-linux-x86_64-fedora-gcc 0.3.5 106.00 NOTE
r-devel-windows-x86_64 0.3.5 8.00 79.00 87.00 OK
r-patched-linux-x86_64 0.3.5 7.60 78.77 86.37 OK
r-release-linux-x86_64 0.3.5 6.25 79.81 86.06 OK
r-release-macos-arm64 0.3.5 36.00 OK
r-release-macos-x86_64 0.3.5 61.00 OK
r-release-windows-x86_64 0.3.5 10.00 97.00 107.00 OK
r-oldrel-macos-arm64 0.3.5 39.00 OK
r-oldrel-windows-x86_64 0.3.5 11.00 93.00 104.00 OK

Check Details

Version: 0.3.5
Check: Rd files
Result: NOTE checkRd: (-1) bin_data.Rd:16: Lost braces in \itemize; meant \describe ? checkRd: (-1) bin_data.Rd:17: Lost braces in \itemize; meant \describe ? checkRd: (-1) bin_data.Rd:18: Lost braces in \itemize; meant \describe ? checkRd: (-1) bin_data.Rd:22: Lost braces in \itemize; meant \describe ? checkRd: (-1) bin_data.Rd:23: Lost braces in \itemize; meant \describe ? checkRd: (-1) bin_data.Rd:27: Lost braces in \itemize; meant \describe ? checkRd: (-1) bin_data.Rd:28: Lost braces in \itemize; meant \describe ? checkRd: (-1) bin_data.Rd:29: Lost braces in \itemize; meant \describe ? checkRd: (-1) bin_data.Rd:30: Lost braces in \itemize; meant \describe ? checkRd: (-1) date_factor.Rd:22: Lost braces; missing escapes or markup? 22 | Map a vector of dates to a factor at one of these levels {"yearmonth", "yearquarter", "quarter", "month"} | ^ checkRd: (-1) date_factor.Rd:13: Lost braces; missing escapes or markup? 13 | \item{type}{One of {"year", "yearquarter", "yearmonth", "quarter", "month"}} | ^ checkRd: (-1) mse.Rd:12: Lost braces; missing escapes or markup? 12 | \item{actuals}{A vector of actuals values in {0, 1}, or {FALSE, TRUE}} | ^ checkRd: (-1) mse.Rd:12: Lost braces; missing escapes or markup? 12 | \item{actuals}{A vector of actuals values in {0, 1}, or {FALSE, TRUE}} | ^ checkRd: (-1) msle.Rd:12: Lost braces; missing escapes or markup? 12 | \item{actuals}{A vector of actuals values in {0, 1}, or {FALSE, TRUE}} | ^ checkRd: (-1) msle.Rd:12: Lost braces; missing escapes or markup? 12 | \item{actuals}{A vector of actuals values in {0, 1}, or {FALSE, TRUE}} | ^ checkRd: (-1) rmse.Rd:12: Lost braces; missing escapes or markup? 12 | \item{actuals}{A vector of actuals values in {0, 1}, or {FALSE, TRUE}} | ^ checkRd: (-1) rmse.Rd:12: Lost braces; missing escapes or markup? 12 | \item{actuals}{A vector of actuals values in {0, 1}, or {FALSE, TRUE}} | ^ checkRd: (-1) rmsle.Rd:12: Lost braces; missing escapes or markup? 12 | \item{actuals}{A vector of actuals values in {0, 1}, or {FALSE, TRUE}} | ^ checkRd: (-1) rmsle.Rd:12: Lost braces; missing escapes or markup? 12 | \item{actuals}{A vector of actuals values in {0, 1}, or {FALSE, TRUE}} | ^ checkRd: (-1) sparsify.Rd:36: Lost braces; missing escapes or markup? 36 | Column names are feature_level, e.g. {"color_red", "color_blue"} | ^ Flavors: r-devel-linux-x86_64-debian-clang, r-devel-linux-x86_64-debian-gcc, r-devel-linux-x86_64-fedora-clang, r-devel-linux-x86_64-fedora-gcc