CRAN Package Check Results for Package mmapcharr

Last updated on 2024-02-21 00:54:34 CET.

Flavor Version Tinstall Tcheck Ttotal Status Flags
r-devel-linux-x86_64-debian-clang 0.3.0 NOTE
r-devel-linux-x86_64-debian-gcc 0.3.0 30.04 23.91 53.95 NOTE
r-devel-linux-x86_64-fedora-clang 0.3.0 103.55 NOTE
r-devel-linux-x86_64-fedora-gcc 0.3.0 96.07 NOTE
r-devel-windows-x86_64 0.3.0 39.00 68.00 107.00 NOTE
r-patched-linux-x86_64 0.3.0 36.71 30.44 67.15 NOTE
r-release-linux-x86_64 0.3.0 32.47 30.38 62.85 NOTE
r-release-macos-arm64 0.3.0 29.00 NOTE
r-release-macos-x86_64 0.3.0 45.00 NOTE
r-release-windows-x86_64 0.3.0 49.00 71.00 120.00 NOTE
r-oldrel-macos-arm64 0.3.0 28.00 NOTE
r-oldrel-windows-x86_64 0.3.0 49.00 74.00 123.00 NOTE

Check Details

Version: 0.3.0
Check: C++ specification
Result: NOTE Specified C++11: please drop specification unless essential Flavors: r-devel-linux-x86_64-debian-clang, r-devel-linux-x86_64-debian-gcc, r-devel-linux-x86_64-fedora-clang, r-devel-linux-x86_64-fedora-gcc, r-devel-windows-x86_64, r-patched-linux-x86_64, r-release-linux-x86_64, r-release-macos-arm64, r-release-macos-x86_64, r-release-windows-x86_64

Version: 0.3.0
Check: LazyData
Result: NOTE 'LazyData' is specified without a 'data' directory Flavors: r-devel-linux-x86_64-debian-clang, r-devel-linux-x86_64-debian-gcc, r-devel-linux-x86_64-fedora-clang, r-devel-linux-x86_64-fedora-gcc, r-devel-windows-x86_64, r-patched-linux-x86_64, r-release-linux-x86_64, r-release-macos-arm64, r-release-macos-x86_64, r-release-windows-x86_64, r-oldrel-macos-arm64, r-oldrel-windows-x86_64