CRAN Package Check Results for Package mmcif

Last updated on 2024-02-25 01:01:10 CET.

Flavor Version Tinstall Tcheck Ttotal Status Flags
r-devel-linux-x86_64-debian-clang 0.1.1 365.29 93.01 458.30 OK
r-devel-linux-x86_64-debian-gcc 0.1.1 275.72 58.52 334.24 OK
r-devel-linux-x86_64-fedora-clang 0.1.1 689.46 OK
r-devel-linux-x86_64-fedora-gcc 0.1.1 716.28 OK
r-devel-windows-x86_64 0.1.1 263.00 107.00 370.00 OK
r-patched-linux-x86_64 0.1.1 286.97 79.95 366.92 OK
r-release-linux-x86_64 0.1.1 249.62 76.38 326.00 OK
r-release-macos-arm64 0.1.1 153.00 NOTE
r-release-macos-x86_64 0.1.1 249.00 NOTE
r-release-windows-x86_64 0.1.1 343.00 136.00 479.00 OK
r-oldrel-macos-arm64 0.1.1 129.00 NOTE
r-oldrel-windows-x86_64 0.1.1 331.00 127.00 458.00 OK

Check Details

Version: 0.1.1
Check: installed package size
Result: NOTE installed size is 17.6Mb sub-directories of 1Mb or more: doc 1.3Mb libs 15.9Mb Flavors: r-release-macos-arm64, r-release-macos-x86_64, r-oldrel-macos-arm64