CRAN Package Check Results for Package mmmgee

Last updated on 2024-02-21 00:54:34 CET.

Flavor Version Tinstall Tcheck Ttotal Status Flags
r-devel-linux-x86_64-debian-clang 1.20 OK
r-devel-linux-x86_64-debian-gcc 1.20 7.84 59.47 67.31 OK
r-devel-linux-x86_64-fedora-clang 1.20 109.65 NOTE
r-devel-linux-x86_64-fedora-gcc 1.20 106.40 OK
r-devel-windows-x86_64 1.20 8.00 73.00 81.00 OK
r-patched-linux-x86_64 1.20 11.12 77.72 88.84 OK
r-release-linux-x86_64 1.20 9.41 77.04 86.45 OK
r-release-macos-arm64 1.20 34.00 OK
r-release-macos-x86_64 1.20 55.00 OK
r-release-windows-x86_64 1.20 10.00 81.00 91.00 OK
r-oldrel-macos-arm64 1.20 34.00 OK
r-oldrel-windows-x86_64 1.20 11.00 85.00 96.00 OK

Check Details

Version: 1.20
Check: Rd cross-references
Result: NOTE Undeclared package ‘geeM’ in Rd xrefs Flavor: r-devel-linux-x86_64-fedora-clang