Last updated on 2024-03-28 15:49:53 CET.
Flavor | Version | Tinstall | Tcheck | Ttotal | Status | Flags |
---|---|---|---|---|---|---|
r-devel-linux-x86_64-debian-clang | 1.0.1 | 188.68 | 104.91 | 293.59 | OK | |
r-devel-linux-x86_64-debian-gcc | 1.0.1 | 148.27 | 84.32 | 232.59 | OK | |
r-devel-linux-x86_64-fedora-clang | 1.0.1 | 390.80 | OK | |||
r-devel-linux-x86_64-fedora-gcc | 1.0.1 | 446.97 | OK | |||
r-devel-windows-x86_64 | 1.0.1 | 138.00 | 115.00 | 253.00 | OK | |
r-patched-linux-x86_64 | 1.0.1 | 208.01 | 112.49 | 320.50 | OK | |
r-release-linux-x86_64 | 1.0.1 | 191.29 | 111.44 | 302.73 | OK | |
r-release-macos-arm64 | 1.0.1 | 101.00 | NOTE | |||
r-release-macos-x86_64 | 1.0.1 | 161.00 | NOTE | |||
r-release-windows-x86_64 | 1.0.1 | 165.00 | 153.00 | 318.00 | OK | |
r-oldrel-macos-arm64 | 1.0.1 | 91.00 | NOTE | |||
r-oldrel-windows-x86_64 | 1.0.1 | 156.00 | 154.00 | 310.00 | OK |
Version: 1.0.1
Check: installed package size
Result: NOTE
installed size is 15.6Mb
sub-directories of 1Mb or more:
libs 15.4Mb
Flavors: r-release-macos-arm64, r-release-macos-x86_64, r-oldrel-macos-arm64