CRAN Package Check Results for Package modeltime

Last updated on 2024-02-24 16:48:26 CET.

Flavor Version Tinstall Tcheck Ttotal Status Flags
r-devel-linux-x86_64-debian-clang 1.2.8 25.53 287.26 312.79 OK
r-devel-linux-x86_64-debian-gcc 1.2.8 18.69 636.02 654.71 OK
r-devel-linux-x86_64-fedora-clang 1.2.8 402.91 NOTE
r-devel-linux-x86_64-fedora-gcc 1.2.8 403.53 NOTE
r-devel-windows-x86_64 1.2.8 21.00 234.00 255.00 OK
r-patched-linux-x86_64 1.2.8 35.15 285.12 320.27 OK
r-release-linux-x86_64 1.2.8 19.28 280.47 299.75 OK
r-release-macos-arm64 1.2.8 112.00 OK
r-release-macos-x86_64 1.2.8 214.00 OK
r-release-windows-x86_64 1.2.8 30.00 308.00 338.00 OK
r-oldrel-macos-arm64 1.2.8 107.00 OK
r-oldrel-windows-x86_64 1.2.8 32.00 300.00 332.00 OK

Check Details

Version: 1.2.8
Check: package dependencies
Result: NOTE Imports includes 31 non-default packages. Importing from so many packages makes the package vulnerable to any of them becoming unavailable. Move as many as possible to Suggests and use conditionally. Flavor: r-devel-linux-x86_64-fedora-clang

Version: 1.2.8
Check: dependencies in R code
Result: NOTE Namespaces in Imports field not imported from: ‘tidymodels’ ‘tidyverse’ All declared Imports should be used. Flavors: r-devel-linux-x86_64-fedora-clang, r-devel-linux-x86_64-fedora-gcc