CRAN Package Check Results for Package mosaicModel

Last updated on 2024-02-25 01:01:10 CET.

Flavor Version Tinstall Tcheck Ttotal Status Flags
r-devel-linux-x86_64-debian-clang 0.3.0 8.12 95.23 103.35 NOTE
r-devel-linux-x86_64-debian-gcc 0.3.0 6.70 77.31 84.01 NOTE
r-devel-linux-x86_64-fedora-clang 0.3.0 134.53 NOTE
r-devel-linux-x86_64-fedora-gcc 0.3.0 137.51 NOTE
r-devel-windows-x86_64 0.3.0 10.00 96.00 106.00 OK
r-patched-linux-x86_64 0.3.0 7.03 91.62 98.65 OK
r-release-linux-x86_64 0.3.0 7.02 90.52 97.54 OK
r-release-macos-arm64 0.3.0 50.00 OK
r-release-macos-x86_64 0.3.0 75.00 OK
r-release-windows-x86_64 0.3.0 13.00 119.00 132.00 OK
r-oldrel-macos-arm64 0.3.0 45.00 NOTE
r-oldrel-windows-x86_64 0.3.0 13.00 118.00 131.00 OK

Check Details

Version: 0.3.0
Check: Rd files
Result: NOTE checkRd: (-1) AARP.Rd:9: Lost braces in \itemize; meant \describe ? checkRd: (-1) AARP.Rd:10: Lost braces in \itemize; meant \describe ? checkRd: (-1) AARP.Rd:11: Lost braces in \itemize; meant \describe ? checkRd: (-1) AARP.Rd:12: Lost braces in \itemize; meant \describe ? checkRd: (-1) Birth_weight.Rd:9: Lost braces in \itemize; meant \describe ? checkRd: (-1) Birth_weight.Rd:10: Lost braces in \itemize; meant \describe ? checkRd: (-1) Birth_weight.Rd:11: Lost braces in \itemize; meant \describe ? checkRd: (-1) Birth_weight.Rd:12: Lost braces in \itemize; meant \describe ? checkRd: (-1) Birth_weight.Rd:13: Lost braces in \itemize; meant \describe ? checkRd: (-1) College_grades.Rd:9: Lost braces in \itemize; meant \describe ? checkRd: (-1) College_grades.Rd:10-11: Lost braces in \itemize; meant \describe ? checkRd: (-1) College_grades.Rd:12: Lost braces in \itemize; meant \describe ? checkRd: (-1) College_grades.Rd:13-14: Lost braces in \itemize; meant \describe ? checkRd: (-1) College_grades.Rd:15-16: Lost braces in \itemize; meant \describe ? checkRd: (-1) College_grades.Rd:17: Lost braces in \itemize; meant \describe ? checkRd: (-1) College_grades.Rd:18-20: Lost braces in \itemize; meant \describe ? checkRd: (-1) Crime.Rd:9: Lost braces in \itemize; meant \describe ? checkRd: (-1) Crime.Rd:10: Lost braces in \itemize; meant \describe ? checkRd: (-1) Crime.Rd:11: Lost braces in \itemize; meant \describe ? checkRd: (-1) Crime.Rd:12: Lost braces in \itemize; meant \describe ? checkRd: (-1) Crime.Rd:13: Lost braces in \itemize; meant \describe ? checkRd: (-1) Crime.Rd:14: Lost braces in \itemize; meant \describe ? checkRd: (-1) Crime.Rd:15: Lost braces in \itemize; meant \describe ? checkRd: (-1) Mussels.Rd:9: Lost braces in \itemize; meant \describe ? checkRd: (-1) Mussels.Rd:10: Lost braces in \itemize; meant \describe ? checkRd: (-1) Mussels.Rd:11: Lost braces in \itemize; meant \describe ? checkRd: (-1) Mussels.Rd:12: Lost braces in \itemize; meant \describe ? checkRd: (-1) Mussels.Rd:13: Lost braces in \itemize; meant \describe ? checkRd: (-1) Mussels.Rd:14: Lost braces in \itemize; meant \describe ? checkRd: (-1) Mussels.Rd:15: Lost braces in \itemize; meant \describe ? checkRd: (-1) Mussels.Rd:16: Lost braces in \itemize; meant \describe ? checkRd: (-1) Mussels.Rd:17: Lost braces in \itemize; meant \describe ? checkRd: (-1) Mussels.Rd:18: Lost braces in \itemize; meant \describe ? checkRd: (-1) Mussels.Rd:19: Lost braces in \itemize; meant \describe ? checkRd: (-1) Oil_history.Rd:9: Lost braces in \itemize; meant \describe ? checkRd: (-1) Oil_history.Rd:10: Lost braces in \itemize; meant \describe ? checkRd: (-1) Runners.Rd:9: Lost braces in \itemize; meant \describe ? checkRd: (-1) Runners.Rd:10: Lost braces in \itemize; meant \describe ? checkRd: (-1) Runners.Rd:11-12: Lost braces in \itemize; meant \describe ? checkRd: (-1) Runners.Rd:13: Lost braces in \itemize; meant \describe ? checkRd: (-1) Runners.Rd:14: Lost braces in \itemize; meant \describe ? checkRd: (-1) Runners.Rd:15: Lost braces in \itemize; meant \describe ? checkRd: (-1) Runners.Rd:16-17: Lost braces in \itemize; meant \describe ? checkRd: (-1) School_data.Rd:9: Lost braces in \itemize; meant \describe ? checkRd: (-1) School_data.Rd:10: Lost braces in \itemize; meant \describe ? checkRd: (-1) School_data.Rd:11: Lost braces in \itemize; meant \describe ? checkRd: (-1) School_data.Rd:12: Lost braces in \itemize; meant \describe ? checkRd: (-1) School_data.Rd:13: Lost braces in \itemize; meant \describe ? checkRd: (-1) School_data.Rd:14-15: Lost braces in \itemize; meant \describe ? checkRd: (-1) Tadpoles.Rd:9: Lost braces in \itemize; meant \describe ? checkRd: (-1) Tadpoles.Rd:10: Lost braces in \itemize; meant \describe ? checkRd: (-1) Tadpoles.Rd:11: Lost braces in \itemize; meant \describe ? checkRd: (-1) Tadpoles.Rd:12: Lost braces in \itemize; meant \describe ? checkRd: (-1) Trucking_jobs.Rd:9: Lost braces in \itemize; meant \describe ? checkRd: (-1) Trucking_jobs.Rd:10: Lost braces in \itemize; meant \describe ? checkRd: (-1) Trucking_jobs.Rd:11: Lost braces in \itemize; meant \describe ? checkRd: (-1) Trucking_jobs.Rd:12: Lost braces in \itemize; meant \describe ? checkRd: (-1) Trucking_jobs.Rd:13: Lost braces in \itemize; meant \describe ? checkRd: (-1) Used_Fords.Rd:9: Lost braces in \itemize; meant \describe ? checkRd: (-1) Used_Fords.Rd:10: Lost braces in \itemize; meant \describe ? checkRd: (-1) Used_Fords.Rd:11: Lost braces in \itemize; meant \describe ? checkRd: (-1) Used_Fords.Rd:12: Lost braces in \itemize; meant \describe ? checkRd: (-1) Used_Fords.Rd:13: Lost braces in \itemize; meant \describe ? checkRd: (-1) Used_Fords.Rd:14: Lost braces in \itemize; meant \describe ? Flavors: r-devel-linux-x86_64-debian-clang, r-devel-linux-x86_64-debian-gcc, r-devel-linux-x86_64-fedora-clang, r-devel-linux-x86_64-fedora-gcc

Version: 0.3.0
Check: dependencies in R code
Result: NOTE Namespaces in Imports field not imported from: ‘MASS’ ‘caret’ ‘ggformula’ ‘knitr’ ‘testthat’ ‘tidyverse’ All declared Imports should be used. Flavors: r-devel-linux-x86_64-fedora-clang, r-devel-linux-x86_64-fedora-gcc, r-oldrel-macos-arm64