Last updated on 2024-05-13 00:51:37 CEST.
Flavor | Version | Tinstall | Tcheck | Ttotal | Status | Flags |
---|---|---|---|---|---|---|
r-devel-linux-x86_64-debian-clang | 1.0.0 | 6.52 | 110.84 | 117.36 | OK | |
r-devel-linux-x86_64-debian-gcc | 1.0.0 | 6.56 | 82.59 | 89.15 | OK | |
r-devel-linux-x86_64-fedora-clang | 1.0.0 | 145.48 | NOTE | |||
r-devel-linux-x86_64-fedora-gcc | 1.0.0 | 224.33 | OK | |||
r-devel-windows-x86_64 | 1.0.0 | 7.00 | 130.00 | 137.00 | OK | |
r-patched-linux-x86_64 | 1.0.0 | 5.91 | 106.22 | 112.13 | OK | |
r-release-linux-x86_64 | 1.0.0 | 5.38 | 106.36 | 111.74 | OK | |
r-release-macos-arm64 | 1.0.0 | 51.00 | OK | |||
r-release-windows-x86_64 | 1.0.0 | 8.00 | 137.00 | 145.00 | OK | |
r-oldrel-macos-arm64 | 1.0.0 | 55.00 | OK | |||
r-oldrel-macos-x86_64 | 1.0.0 | 73.00 | NOTE | |||
r-oldrel-windows-x86_64 | 1.0.0 | 11.00 | 141.00 | 152.00 | OK |
Version: 1.0.0
Check: Rd cross-references
Result: NOTE
Undeclared package ‘graphlayouts’ in Rd xrefs
Flavor: r-devel-linux-x86_64-fedora-clang
Version: 1.0.0
Check: package dependencies
Result: NOTE
Package suggested but not available for checking: ‘ergm’
Flavor: r-oldrel-macos-x86_64