CRAN Package Check Results for Package motifr

Last updated on 2024-03-03 01:00:49 CET.

Flavor Version Tinstall Tcheck Ttotal Status Flags
r-devel-linux-x86_64-debian-clang 1.0.0 9.36 111.62 120.98 OK
r-devel-linux-x86_64-debian-gcc 1.0.0 6.77 83.12 89.89 OK
r-devel-linux-x86_64-fedora-clang 1.0.0 145.41 NOTE
r-devel-linux-x86_64-fedora-gcc 1.0.0 149.55 OK
r-devel-windows-x86_64 1.0.0 7.00 130.00 137.00 OK
r-patched-linux-x86_64 1.0.0 5.53 107.24 112.77 OK
r-release-linux-x86_64 1.0.0 5.70 110.02 115.72 OK
r-release-macos-arm64 1.0.0 55.00 OK
r-release-macos-x86_64 1.0.0 73.00 NOTE
r-release-windows-x86_64 1.0.0 11.00 132.00 143.00 OK
r-oldrel-macos-arm64 1.0.0 40.00 OK
r-oldrel-windows-x86_64 1.0.0 10.00 136.00 146.00 OK

Check Details

Version: 1.0.0
Check: Rd cross-references
Result: NOTE Undeclared package ‘graphlayouts’ in Rd xrefs Flavor: r-devel-linux-x86_64-fedora-clang

Version: 1.0.0
Check: package dependencies
Result: NOTE Package suggested but not available for checking: ‘ergm’ Flavor: r-release-macos-x86_64