CRAN Package Check Results for Package mousetrap

Last updated on 2024-06-21 00:57:16 CEST.

Flavor Version Tinstall Tcheck Ttotal Status Flags
r-devel-linux-x86_64-debian-clang 3.2.3 121.90 108.49 230.39 OK
r-devel-linux-x86_64-debian-gcc 3.2.3 84.97 78.04 163.01 OK
r-devel-linux-x86_64-fedora-clang 3.2.3 342.67 OK
r-devel-linux-x86_64-fedora-gcc 3.2.3 326.28 OK
r-devel-windows-x86_64 3.2.3 102.00 126.00 228.00 OK
r-patched-linux-x86_64 3.2.3 109.45 101.75 211.20 OK
r-release-linux-x86_64 3.2.3 77.44 102.82 180.26 OK
r-release-macos-arm64 3.2.3 79.00 NOTE
r-release-macos-x86_64 3.2.3 84.00 NOTE
r-release-windows-x86_64 3.2.3 103.00 127.00 230.00 OK
r-oldrel-macos-arm64 3.2.3 71.00 NOTE
r-oldrel-macos-x86_64 3.2.3 116.00 NOTE
r-oldrel-windows-x86_64 3.2.3 126.00 165.00 291.00 OK

Check Details

Version: 3.2.3
Check: installed package size
Result: NOTE installed size is 6.4Mb sub-directories of 1Mb or more: data 3.0Mb libs 2.6Mb Flavors: r-release-macos-arm64, r-release-macos-x86_64, r-oldrel-macos-arm64, r-oldrel-macos-x86_64