CRAN Package Check Results for Package movecost

Last updated on 2024-02-27 16:49:22 CET.

Flavor Version Tinstall Tcheck Ttotal Status Flags
r-devel-linux-x86_64-debian-clang 2.1 38.52 396.53 435.05 OK
r-devel-linux-x86_64-debian-gcc 2.1 30.94 294.99 325.93 OK
r-devel-linux-x86_64-fedora-clang 2.1 532.91 NOTE
r-devel-linux-x86_64-fedora-gcc 2.1 547.87 NOTE
r-devel-windows-x86_64 2.1 33.00 246.00 279.00 OK
r-patched-linux-x86_64 2.1 39.59 375.69 415.28 OK
r-release-linux-x86_64 2.1 40.05 387.74 427.79 OK
r-release-macos-arm64 2.1 130.00 OK
r-release-macos-x86_64 2.1 304.00 OK
r-release-windows-x86_64 2.1 47.00 340.00 387.00 OK
r-oldrel-macos-arm64 2.1 123.00 OK
r-oldrel-windows-x86_64 2.1 46.00 326.00 372.00 OK

Check Details

Version: 2.1
Check: data for non-ASCII characters
Result: NOTE Note: found 3 marked UTF-8 strings Flavors: r-devel-linux-x86_64-fedora-clang, r-devel-linux-x86_64-fedora-gcc