Last updated on 2024-05-04 16:54:14 CEST.
Flavor | Version | Tinstall | Tcheck | Ttotal | Status | Flags |
---|---|---|---|---|---|---|
r-devel-linux-x86_64-debian-clang | 0.1.1 | 2.07 | 22.75 | 24.82 | NOTE | |
r-devel-linux-x86_64-debian-gcc | 0.1.1 | 1.55 | 17.81 | 19.36 | NOTE | |
r-devel-linux-x86_64-fedora-clang | 0.1.1 | 31.28 | NOTE | |||
r-devel-linux-x86_64-fedora-gcc | 0.1.1 | 29.98 | NOTE | |||
r-devel-windows-x86_64 | 0.1.1 | 3.00 | 45.00 | 48.00 | NOTE | |
r-patched-linux-x86_64 | 0.1.1 | 1.87 | 21.59 | 23.46 | NOTE | |
r-release-linux-x86_64 | 0.1.1 | 1.81 | 22.25 | 24.06 | NOTE | |
r-release-macos-arm64 | 0.1.1 | 14.00 | NOTE | |||
r-release-windows-x86_64 | 0.1.1 | 3.00 | 39.00 | 42.00 | NOTE | |
r-oldrel-macos-arm64 | 0.1.1 | 17.00 | NOTE | |||
r-oldrel-macos-x86_64 | 0.1.1 | 19.00 | NOTE | |||
r-oldrel-windows-x86_64 | 0.1.1 | 4.00 | 38.00 | 42.00 | NOTE |
Version: 0.1.1
Check: LazyData
Result: NOTE
'LazyData' is specified without a 'data' directory
Flavors: r-devel-linux-x86_64-debian-clang, r-devel-linux-x86_64-debian-gcc, r-devel-linux-x86_64-fedora-clang, r-devel-linux-x86_64-fedora-gcc, r-devel-windows-x86_64, r-patched-linux-x86_64, r-release-linux-x86_64, r-release-macos-arm64, r-release-windows-x86_64, r-oldrel-macos-arm64, r-oldrel-macos-x86_64, r-oldrel-windows-x86_64