CRAN Package Check Results for Package mscstts

Last updated on 2024-02-23 16:53:23 CET.

Flavor Version Tinstall Tcheck Ttotal Status Flags
r-devel-linux-x86_64-debian-clang 0.6.3 OK
r-devel-linux-x86_64-debian-gcc 0.6.3 2.05 24.86 26.91 OK
r-devel-linux-x86_64-fedora-clang 0.6.3 44.50 NOTE
r-devel-linux-x86_64-fedora-gcc 0.6.3 42.76 NOTE
r-devel-windows-x86_64 0.6.3 3.00 54.00 57.00 OK
r-patched-linux-x86_64 0.6.3 6.55 30.57 37.12 OK
r-release-linux-x86_64 0.6.3 2.77 31.00 33.77 OK
r-release-macos-arm64 0.6.3 19.00 OK
r-release-macos-x86_64 0.6.3 25.00 OK
r-release-windows-x86_64 0.6.3 4.00 56.00 60.00 OK
r-oldrel-macos-arm64 0.6.3 19.00 NOTE
r-oldrel-windows-x86_64 0.6.3 4.00 59.00 63.00 OK

Check Details

Version: 0.6.3
Check: data for non-ASCII characters
Result: NOTE Note: found 75 marked UTF-8 strings Flavors: r-devel-linux-x86_64-fedora-clang, r-devel-linux-x86_64-fedora-gcc, r-oldrel-macos-arm64