CRAN Package Check Results for Package mseapca

Last updated on 2024-02-22 00:58:35 CET.

Flavor Version Tinstall Tcheck Ttotal Status Flags
r-devel-linux-x86_64-debian-clang 2.0.3 OK
r-devel-linux-x86_64-debian-gcc 2.0.3 2.12 23.78 25.90 OK
r-devel-linux-x86_64-fedora-clang 2.0.3 42.34 NOTE
r-devel-linux-x86_64-fedora-gcc 2.0.3 40.96 NOTE
r-devel-windows-x86_64 2.0.3 2.00 47.00 49.00 OK
r-patched-linux-x86_64 2.0.3 1.89 31.43 33.32 OK
r-release-linux-x86_64 2.0.3 1.88 31.56 33.44 OK
r-release-macos-arm64 2.0.3 20.00 OK
r-release-macos-x86_64 2.0.3 44.00 OK
r-release-windows-x86_64 2.0.3 3.00 49.00 52.00 OK
r-oldrel-macos-arm64 2.0.3 23.00 OK
r-oldrel-windows-x86_64 2.0.3 4.00 53.00 57.00 OK

Check Details

Version: 2.0.3
Check: data for non-ASCII characters
Result: NOTE Note: found 1 marked UTF-8 string Flavors: r-devel-linux-x86_64-fedora-clang, r-devel-linux-x86_64-fedora-gcc