CRAN Package Check Results for Package msme

Last updated on 2024-02-24 16:48:26 CET.

Flavor Version Tinstall Tcheck Ttotal Status Flags
r-devel-linux-x86_64-debian-clang 0.5.3 3.22 56.31 59.53 NOTE
r-devel-linux-x86_64-debian-gcc 0.5.3 2.97 43.32 46.29 NOTE
r-devel-linux-x86_64-fedora-clang 0.5.3 75.55 NOTE
r-devel-linux-x86_64-fedora-gcc 0.5.3 72.04 NOTE
r-devel-windows-x86_64 0.5.3 4.00 80.00 84.00 NOTE
r-patched-linux-x86_64 0.5.3 4.54 54.30 58.84 NOTE
r-release-linux-x86_64 0.5.3 4.27 54.04 58.31 NOTE
r-release-macos-arm64 0.5.3 31.00 NOTE
r-release-macos-x86_64 0.5.3 43.00 NOTE
r-release-windows-x86_64 0.5.3 6.00 79.00 85.00 NOTE
r-oldrel-macos-arm64 0.5.3 31.00 OK
r-oldrel-windows-x86_64 0.5.3 6.00 81.00 87.00 OK

Check Details

Version: 0.5.3
Check: Rd files
Result: NOTE checkRd: (-1) ml_g.Rd:47: Escaped LaTeX specials: \& Flavors: r-devel-linux-x86_64-debian-clang, r-devel-linux-x86_64-debian-gcc, r-devel-linux-x86_64-fedora-clang, r-devel-linux-x86_64-fedora-gcc, r-devel-windows-x86_64, r-patched-linux-x86_64, r-release-linux-x86_64, r-release-macos-arm64, r-release-macos-x86_64, r-release-windows-x86_64