CRAN Package Check Results for Package mthapower

Last updated on 2024-02-21 00:54:34 CET.

Flavor Version Tinstall Tcheck Ttotal Status Flags
r-devel-linux-x86_64-debian-clang 0.1.1 NOTE
r-devel-linux-x86_64-debian-gcc 0.1.1 1.42 15.99 17.41 NOTE
r-devel-linux-x86_64-fedora-clang 0.1.1 27.65 NOTE
r-devel-linux-x86_64-fedora-gcc 0.1.1 26.50 NOTE
r-devel-windows-x86_64 0.1.1 3.00 37.00 40.00 NOTE
r-patched-linux-x86_64 0.1.1 2.20 19.95 22.15 NOTE
r-release-linux-x86_64 0.1.1 1.52 19.95 21.47 NOTE
r-release-macos-arm64 0.1.1 16.00 NOTE
r-release-macos-x86_64 0.1.1 19.00 NOTE
r-release-windows-x86_64 0.1.1 5.00 38.00 43.00 NOTE
r-oldrel-macos-arm64 0.1.1 15.00 NOTE
r-oldrel-windows-x86_64 0.1.1 4.00 41.00 45.00 NOTE

Check Details

Version: 0.1.1
Check: LazyData
Result: NOTE 'LazyData' is specified without a 'data' directory Flavors: r-devel-linux-x86_64-debian-clang, r-devel-linux-x86_64-debian-gcc, r-devel-linux-x86_64-fedora-clang, r-devel-linux-x86_64-fedora-gcc, r-devel-windows-x86_64, r-patched-linux-x86_64, r-release-linux-x86_64, r-release-macos-arm64, r-release-macos-x86_64, r-release-windows-x86_64, r-oldrel-macos-arm64, r-oldrel-windows-x86_64