CRAN Package Check Results for Package muRty

Last updated on 2024-02-25 16:51:47 CET.

Flavor Version Tinstall Tcheck Ttotal Status Flags
r-devel-linux-x86_64-debian-clang 0.3.1 3.12 30.19 33.31 NOTE
r-devel-linux-x86_64-debian-gcc 0.3.1 2.43 23.41 25.84 NOTE
r-devel-linux-x86_64-fedora-clang 0.3.1 40.59 NOTE
r-devel-linux-x86_64-fedora-gcc 0.3.1 38.73 NOTE
r-devel-windows-x86_64 0.3.1 4.00 50.00 54.00 NOTE
r-patched-linux-x86_64 0.3.1 3.11 29.54 32.65 NOTE
r-release-linux-x86_64 0.3.1 1.90 29.28 31.18 NOTE
r-release-macos-arm64 0.3.1 22.00 NOTE
r-release-macos-x86_64 0.3.1 24.00 NOTE
r-release-windows-x86_64 0.3.1 3.00 57.00 60.00 NOTE
r-oldrel-macos-arm64 0.3.1 19.00 NOTE
r-oldrel-windows-x86_64 0.3.1 4.00 54.00 58.00 NOTE

Check Details

Version: 0.3.1
Check: LazyData
Result: NOTE 'LazyData' is specified without a 'data' directory Flavors: r-devel-linux-x86_64-debian-clang, r-devel-linux-x86_64-debian-gcc, r-devel-linux-x86_64-fedora-clang, r-devel-linux-x86_64-fedora-gcc, r-devel-windows-x86_64, r-patched-linux-x86_64, r-release-linux-x86_64, r-release-macos-arm64, r-release-macos-x86_64, r-release-windows-x86_64, r-oldrel-macos-arm64, r-oldrel-windows-x86_64