Last updated on 2024-05-21 19:50:24 CEST.
Flavor | Version | Tinstall | Tcheck | Ttotal | Status | Flags |
---|---|---|---|---|---|---|
r-devel-linux-x86_64-debian-clang | 1.0.0 | 2.40 | 68.46 | 70.86 | OK | |
r-devel-linux-x86_64-debian-gcc | 1.0.0 | 2.39 | 53.33 | 55.72 | OK | |
r-devel-linux-x86_64-fedora-clang | 1.0.0 | 97.97 | OK | |||
r-devel-linux-x86_64-fedora-gcc | 1.0.0 | 100.22 | OK | |||
r-devel-windows-x86_64 | 1.0.0 | 3.00 | 94.00 | 97.00 | OK | |
r-patched-linux-x86_64 | 1.0.0 | 2.61 | 66.98 | 69.59 | OK | |
r-release-linux-x86_64 | 1.0.0 | 2.45 | 67.37 | 69.82 | OK | |
r-release-macos-arm64 | 1.0.0 | 38.00 | ERROR | |||
r-release-macos-x86_64 | 1.0.0 | 92.00 | OK | |||
r-release-windows-x86_64 | 1.0.0 | 5.00 | 92.00 | 97.00 | OK | |
r-oldrel-macos-arm64 | 1.0.0 | 59.00 | ERROR | |||
r-oldrel-macos-x86_64 | 1.0.0 | 91.00 | OK | |||
r-oldrel-windows-x86_64 | 1.0.0 | 3.00 | 101.00 | 104.00 | OK |
Version: 1.0.0
Check: re-building of vignette outputs
Result: ERROR
Error(s) in re-building vignettes:
...
--- re-building ‘multe.Rmd’ using rmarkdown
! kpathsea: Running mktexpk --mfmode / --bdpi 600 --mag 1+57/600 --dpi 657 bbm10
! mkdir: ././opt/tex/texmf-var/fonts/pk/ljfour/public: Permission denied
! mktexpk: /opt/tex/texmf-dist/web2c/mktexdir /opt/tex/texmf-var/fonts/pk/ljfour/public/bbm failed.
! kpathsea: Appending font creation commands to missfont.log.
Error: processing vignette 'multe.Rmd' failed with diagnostics:
LaTeX failed to compile /Volumes/Builds/packages/big-sur-arm64/results/4.4/multe.Rcheck/vign_test/multe/vignettes/multe.tex. See https://yihui.org/tinytex/r/#debugging for debugging tips. See multe.log for more info.
--- failed re-building ‘multe.Rmd’
SUMMARY: processing the following file failed:
‘multe.Rmd’
Error: Vignette re-building failed.
Execution halted
Flavor: r-release-macos-arm64
Version: 1.0.0
Check: re-building of vignette outputs
Result: ERROR
Error(s) in re-building vignettes:
...
--- re-building ‘multe.Rmd’ using rmarkdown
! kpathsea: Running mktexpk --mfmode / --bdpi 600 --mag 1+57/600 --dpi 657 bbm10
! mkdir: ././opt/tex/texmf-var/fonts/pk/ljfour/public: Permission denied
! mktexpk: /opt/tex/texmf-dist/web2c/mktexdir /opt/tex/texmf-var/fonts/pk/ljfour/public/bbm failed.
! kpathsea: Appending font creation commands to missfont.log.
Error: processing vignette 'multe.Rmd' failed with diagnostics:
LaTeX failed to compile /Volumes/Builds/packages/big-sur-arm64/results/4.3/multe.Rcheck/vign_test/multe/vignettes/multe.tex. See https://yihui.org/tinytex/r/#debugging for debugging tips. See multe.log for more info.
--- failed re-building ‘multe.Rmd’
SUMMARY: processing the following file failed:
‘multe.Rmd’
Error: Vignette re-building failed.
Execution halted
Flavor: r-oldrel-macos-arm64