Last updated on 2024-08-31 17:49:01 CEST.
Flavor | Version | Tinstall | Tcheck | Ttotal | Status | Flags |
---|---|---|---|---|---|---|
r-devel-linux-x86_64-debian-clang | 0.8.8.1 | 37.89 | 217.45 | 255.34 | NOTE | |
r-devel-linux-x86_64-debian-gcc | 0.8.8.1 | 25.95 | 155.67 | 181.62 | NOTE | |
r-devel-linux-x86_64-fedora-clang | 0.8.8.1 | 423.71 | OK | |||
r-devel-linux-x86_64-fedora-gcc | 0.8.8.1 | 472.07 | OK | |||
r-devel-windows-x86_64 | 0.8.8.1 | 44.00 | 239.00 | 283.00 | NOTE | |
r-patched-linux-x86_64 | 0.8.8.1 | 43.86 | 221.80 | 265.66 | OK | |
r-release-linux-x86_64 | 0.8.8.1 | 38.54 | 206.01 | 244.55 | OK | |
r-release-macos-arm64 | 0.8.8.1 | 143.00 | NOTE | |||
r-release-macos-x86_64 | 0.8.8.1 | 222.00 | NOTE | |||
r-release-windows-x86_64 | 0.8.8.1 | 43.00 | 265.00 | 308.00 | OK | |
r-oldrel-macos-arm64 | 0.8.8.1 | 154.00 | NOTE | |||
r-oldrel-macos-x86_64 | 0.8.8.1 | 238.00 | NOTE | |||
r-oldrel-windows-x86_64 | 0.8.8.1 | 55.00 | 311.00 | 366.00 | OK |
Version: 0.8.8.1
Check: Rd cross-references
Result: NOTE
Found the following Rd file(s) with Rd \link{} targets missing package
anchors:
popls.Rd: pls
Please provide package anchors for all Rd \link{} targets not in the
package itself and the base packages.
Flavors: r-devel-linux-x86_64-debian-clang, r-devel-linux-x86_64-debian-gcc, r-devel-windows-x86_64
Version: 0.8.8.1
Check: installed package size
Result: NOTE
installed size is 9.9Mb
sub-directories of 1Mb or more:
doc 1.5Mb
libs 7.2Mb
Flavors: r-release-macos-arm64, r-release-macos-x86_64, r-oldrel-macos-arm64, r-oldrel-macos-x86_64