Last updated on 2024-05-03 00:59:26 CEST.
Flavor | Version | Tinstall | Tcheck | Ttotal | Status | Flags |
---|---|---|---|---|---|---|
r-devel-linux-x86_64-debian-clang | 0.8.8.1 | 57.02 | 249.60 | 306.62 | OK | |
r-devel-linux-x86_64-debian-gcc | 0.8.8.1 | 41.91 | 217.96 | 259.87 | OK | |
r-devel-linux-x86_64-fedora-clang | 0.8.8.1 | 429.05 | OK | |||
r-devel-linux-x86_64-fedora-gcc | 0.8.8.1 | 501.59 | OK | |||
r-devel-windows-x86_64 | 0.8.8.1 | 50.00 | 243.00 | 293.00 | OK | |
r-patched-linux-x86_64 | 0.8.8.1 | 66.85 | 267.54 | 334.39 | OK | |
r-release-linux-x86_64 | 0.8.8.1 | 54.09 | 272.72 | 326.81 | OK | |
r-release-macos-arm64 | 0.8.8.1 | 143.00 | NOTE | |||
r-release-macos-x86_64 | 0.8.8.1 | 236.00 | NOTE | |||
r-release-windows-x86_64 | 0.8.8.1 | 46.00 | 234.00 | 280.00 | OK | |
r-oldrel-macos-arm64 | 0.8.8.1 | 154.00 | NOTE | |||
r-oldrel-macos-x86_64 | 0.8.8.1 | 238.00 | NOTE | |||
r-oldrel-windows-x86_64 | 0.8.8.1 | 60.00 | 313.00 | 373.00 | OK |
Version: 0.8.8.1
Check: installed package size
Result: NOTE
installed size is 9.9Mb
sub-directories of 1Mb or more:
doc 1.5Mb
libs 7.2Mb
Flavors: r-release-macos-arm64, r-release-macos-x86_64, r-oldrel-macos-arm64, r-oldrel-macos-x86_64