CRAN Package Check Results for Package multilevLCA

Last updated on 2024-02-22 16:49:22 CET.

Flavor Version Tinstall Tcheck Ttotal Status Flags
r-devel-linux-x86_64-debian-clang 1.4 OK
r-devel-linux-x86_64-debian-gcc 1.5 133.55 62.16 195.71 OK
r-devel-linux-x86_64-fedora-clang 1.5 338.29 OK
r-devel-linux-x86_64-fedora-gcc 1.5 367.75 OK
r-devel-windows-x86_64 1.4 128.00 100.00 228.00 OK
r-patched-linux-x86_64 1.5 163.91 79.54 243.45 OK
r-release-linux-x86_64 1.4 148.36 81.21 229.57 OK
r-release-macos-arm64 1.5 78.00 NOTE
r-release-macos-x86_64 1.5 150.00 NOTE
r-release-windows-x86_64 1.5 102.00 121.00 223.00 OK
r-oldrel-macos-arm64 1.5 83.00 NOTE
r-oldrel-windows-x86_64 1.5 99.00 122.00 221.00 OK

Check Details

Version: 1.5
Check: installed package size
Result: NOTE installed size is 12.6Mb sub-directories of 1Mb or more: libs 11.5Mb Flavors: r-release-macos-arm64, r-release-macos-x86_64, r-oldrel-macos-arm64