CRAN Package Check Results for Package multilink

Last updated on 2024-03-03 01:00:49 CET.

Flavor Version Tinstall Tcheck Ttotal Status Flags
r-devel-linux-x86_64-debian-clang 0.1.1 104.52 55.77 160.29 OK
r-devel-linux-x86_64-debian-gcc 0.1.1 86.55 41.45 128.00 OK
r-devel-linux-x86_64-fedora-clang 0.1.1 235.42 OK
r-devel-linux-x86_64-fedora-gcc 0.1.1 234.33 OK
r-devel-windows-x86_64 0.1.1 81.00 86.00 167.00 OK
r-patched-linux-x86_64 0.1.1 110.18 55.05 165.23 OK
r-release-linux-x86_64 0.1.1 104.98 54.54 159.52 OK
r-release-macos-arm64 0.1.1 129.00 NOTE
r-release-macos-x86_64 0.1.1 62.00 OK
r-release-windows-x86_64 0.1.1 101.00 104.00 205.00 OK
r-oldrel-macos-arm64 0.1.1 56.00 NOTE
r-oldrel-windows-x86_64 0.1.1 96.00 99.00 195.00 OK

Check Details

Version: 0.1.1
Check: installed package size
Result: NOTE installed size is 5.1Mb sub-directories of 1Mb or more: libs 4.9Mb Flavors: r-release-macos-arm64, r-oldrel-macos-arm64